CRAN Package Check Results for Package foreSIGHT

Last updated on 2024-02-22 21:51:40 CET.

Flavor Version Tinstall Tcheck Ttotal Status Flags
r-devel-linux-x86_64-debian-clang 1.2.0 OK
r-devel-linux-x86_64-debian-gcc 1.2.0 49.59 175.04 224.63 OK
r-devel-linux-x86_64-fedora-clang 1.2.0 386.07 OK
r-devel-linux-x86_64-fedora-gcc 1.2.0 393.93 OK
r-devel-windows-x86_64 1.2.0 55.00 229.00 284.00 OK
r-patched-linux-x86_64 1.2.0 44.64 222.85 267.49 OK
r-release-linux-x86_64 1.2.0 45.20 222.95 268.15 OK
r-release-macos-arm64 1.2.0 114.00 OK
r-release-macos-x86_64 1.2.0 7.00 ERROR
r-release-windows-x86_64 1.2.0 69.00 263.00 332.00 OK
r-oldrel-macos-arm64 1.2.0 130.00 OK
r-oldrel-windows-x86_64 1.2.0 66.00 269.00 335.00 OK

Check Details

Version: 1.2.0
Check: package dependencies
Result: ERROR Package required but not available: ‘RGN’ See section ‘The DESCRIPTION file’ in the ‘Writing R Extensions’ manual. Flavor: r-release-macos-x86_64