Last updated on 2023-02-05 00:55:21 CET.
Flavor | Version | Tinstall | Tcheck | Ttotal | Status | Flags |
---|---|---|---|---|---|---|
r-devel-linux-x86_64-debian-clang | 0.1.0 | 8.35 | 72.10 | 80.45 | NOTE | |
r-devel-linux-x86_64-debian-gcc | 0.1.0 | 6.70 | 53.71 | 60.41 | NOTE | |
r-devel-linux-x86_64-fedora-clang | 0.1.0 | 101.82 | NOTE | |||
r-devel-linux-x86_64-fedora-gcc | 0.1.0 | 305.72 | NOTE | |||
r-devel-windows-x86_64 | 0.1.0 | 23.00 | 102.00 | 125.00 | NOTE | |
r-patched-linux-x86_64 | 0.1.0 | 13.91 | 71.18 | 85.09 | NOTE | |
r-release-linux-x86_64 | 0.1.0 | 5.77 | 234.09 | 239.86 | NOTE | |
r-release-macos-arm64 | 0.1.0 | 109.00 | NOTE | |||
r-release-macos-x86_64 | 0.1.0 | 160.00 | NOTE | |||
r-release-windows-x86_64 | 0.1.0 | 26.00 | 306.00 | 332.00 | NOTE | |
r-oldrel-macos-arm64 | 0.1.0 | 166.00 | NOTE | |||
r-oldrel-macos-x86_64 | 0.1.0 | 175.00 | NOTE | |||
r-oldrel-windows-ix86+x86_64 | 0.1.0 | 20.00 | 119.00 | 139.00 | NOTE |
Version: 0.1.0
Check: package subdirectories
Result: NOTE
Problems with news in ‘NEWS.md’:
No news entries found.
Flavors: r-devel-linux-x86_64-debian-clang, r-devel-linux-x86_64-debian-gcc, r-devel-linux-x86_64-fedora-clang, r-devel-linux-x86_64-fedora-gcc, r-devel-windows-x86_64
Version: 0.1.0
Check: LazyData
Result: NOTE
'LazyData' is specified without a 'data' directory
Flavors: r-devel-linux-x86_64-debian-clang, r-devel-linux-x86_64-debian-gcc, r-devel-linux-x86_64-fedora-clang, r-devel-linux-x86_64-fedora-gcc, r-devel-windows-x86_64, r-patched-linux-x86_64, r-release-linux-x86_64, r-release-macos-arm64, r-release-macos-x86_64, r-release-windows-x86_64, r-oldrel-macos-arm64, r-oldrel-macos-x86_64, r-oldrel-windows-ix86+x86_64
Version: 0.1.0
Check: dependencies in R code
Result: NOTE
Namespace in Imports field not imported from: ‘grid’
All declared Imports should be used.
Flavors: r-devel-linux-x86_64-fedora-clang, r-devel-linux-x86_64-fedora-gcc, r-release-macos-arm64, r-release-macos-x86_64, r-oldrel-macos-arm64, r-oldrel-macos-x86_64
Version: 0.1.0
Check: package dependencies
Result: NOTE
Package suggested but not available for checking: ‘minet’
Flavors: r-release-macos-arm64, r-oldrel-macos-arm64