CRAN Package Check Results for Package fmriqa

Last updated on 2022-01-18 01:52:00 CET.

Flavor Version Tinstall Tcheck Ttotal Status Flags
r-devel-linux-x86_64-debian-clang 0.3.0 11.02 132.22 143.24 NOTE
r-devel-linux-x86_64-debian-gcc 0.3.0 7.66 100.24 107.90 NOTE
r-devel-linux-x86_64-fedora-clang 0.3.0 175.53 NOTE
r-devel-linux-x86_64-fedora-gcc 0.3.0 161.74 NOTE
r-devel-windows-x86_64-new-UL 0.3.0 27.00 139.00 166.00 NOTE
r-devel-windows-x86_64-new-TK 0.3.0 NOTE
r-patched-linux-x86_64 0.3.0 10.31 126.69 137.00 NOTE
r-release-linux-x86_64 0.3.0 NOTE
r-release-macos-arm64 0.3.0 NOTE
r-release-macos-x86_64 0.3.0 NOTE
r-release-windows-ix86+x86_64 0.3.0 26.00 142.00 168.00 NOTE
r-oldrel-macos-x86_64 0.3.0 OK
r-oldrel-windows-ix86+x86_64 0.3.0 25.00 139.00 164.00 OK

Check Details

Version: 0.3.0
Check: LazyData
Result: NOTE
     'LazyData' is specified without a 'data' directory
Flavors: r-devel-linux-x86_64-debian-clang, r-devel-linux-x86_64-debian-gcc, r-devel-linux-x86_64-fedora-clang, r-devel-linux-x86_64-fedora-gcc, r-devel-windows-x86_64-new-UL, r-devel-windows-x86_64-new-TK, r-patched-linux-x86_64, r-release-linux-x86_64, r-release-macos-arm64, r-release-macos-x86_64, r-release-windows-ix86+x86_64