Last updated on 2023-10-02 19:11:09 CEST.
Flavor | Version | Tinstall | Tcheck | Ttotal | Status | Flags |
---|---|---|---|---|---|---|
r-devel-linux-x86_64-debian-clang | 0.1.4 | 6.58 | 58.75 | 65.33 | NOTE | |
r-devel-linux-x86_64-debian-gcc | 0.1.4 | 5.52 | 44.82 | 50.34 | NOTE | |
r-devel-linux-x86_64-fedora-clang | 0.1.4 | 80.09 | NOTE | |||
r-devel-linux-x86_64-fedora-gcc | 0.1.4 | 89.67 | NOTE | |||
r-devel-windows-x86_64 | 0.1.4 | 7.00 | 66.00 | 73.00 | NOTE | |
r-patched-linux-x86_64 | 0.1.4 | 9.41 | 57.42 | 66.83 | NOTE | |
r-release-linux-x86_64 | 0.1.4 | 7.01 | 57.68 | 64.69 | NOTE | |
r-release-macos-arm64 | 0.1.4 | 31.00 | NOTE | |||
r-release-macos-x86_64 | 0.1.4 | 49.00 | NOTE | |||
r-release-windows-x86_64 | 0.1.4 | 8.00 | 74.00 | 82.00 | NOTE | |
r-oldrel-macos-arm64 | 0.1.4 | 27.00 | NOTE | |||
r-oldrel-macos-x86_64 | 0.1.4 | 37.00 | NOTE | |||
r-oldrel-windows-x86_64 | 0.1.4 | 8.00 | 70.00 | 78.00 | NOTE |
Version: 0.1.4
Check: LazyData
Result: NOTE
'LazyData' is specified without a 'data' directory
Flavors: r-devel-linux-x86_64-debian-clang, r-devel-linux-x86_64-debian-gcc, r-devel-linux-x86_64-fedora-clang, r-devel-linux-x86_64-fedora-gcc, r-devel-windows-x86_64, r-patched-linux-x86_64, r-release-linux-x86_64, r-release-macos-arm64, r-release-macos-x86_64, r-release-windows-x86_64, r-oldrel-macos-arm64, r-oldrel-macos-x86_64, r-oldrel-windows-x86_64