Last updated on 2023-09-30 00:56:05 CEST.
Flavor | Version | Tinstall | Tcheck | Ttotal | Status | Flags |
---|---|---|---|---|---|---|
r-devel-linux-x86_64-debian-clang | 1.2.0 | 2.97 | 51.20 | 54.17 | OK | |
r-devel-linux-x86_64-debian-gcc | 1.2.0 | 2.25 | 36.16 | 38.41 | OK | |
r-devel-linux-x86_64-fedora-clang | 1.2.0 | 62.96 | NOTE | |||
r-devel-linux-x86_64-fedora-gcc | 1.2.0 | 63.19 | OK | |||
r-devel-windows-x86_64 | 1.2.0 | 3.00 | 52.00 | 55.00 | OK | |
r-patched-linux-x86_64 | 1.2.0 | 2.88 | 48.03 | 50.91 | OK | |
r-release-linux-x86_64 | 1.2.0 | 2.74 | 48.49 | 51.23 | OK | |
r-release-macos-arm64 | 1.2.0 | 23.00 | OK | |||
r-release-macos-x86_64 | 1.2.0 | 32.00 | OK | |||
r-release-windows-x86_64 | 1.2.0 | 4.00 | 57.00 | 61.00 | OK | |
r-oldrel-macos-arm64 | 1.2.0 | 21.00 | OK | |||
r-oldrel-macos-x86_64 | 1.2.0 | 29.00 | OK | |||
r-oldrel-windows-x86_64 | 1.2.0 | 5.00 | 60.00 | 65.00 | OK |
Version: 1.2.0
Check: Rd cross-references
Result: NOTE
Undeclared package ‘flip’ in Rd xrefs
Flavor: r-devel-linux-x86_64-fedora-clang