CRAN Package Check Results for Package flipscores

Last updated on 2022-10-03 18:52:07 CEST.

Flavor Version Tinstall Tcheck Ttotal Status Flags
r-devel-linux-x86_64-debian-clang 1.2.0 3.16 53.20 56.36 OK
r-devel-linux-x86_64-debian-gcc 1.2.0 2.18 37.02 39.20 OK
r-devel-linux-x86_64-fedora-clang 1.2.0 76.98 NOTE
r-devel-linux-x86_64-fedora-gcc 1.2.0 80.55 OK
r-devel-windows-x86_64 1.2.0 17.00 69.00 86.00 OK
r-patched-linux-x86_64 1.2.0 2.93 48.69 51.62 OK
r-release-linux-x86_64 1.2.0 2.89 49.23 52.12 OK
r-release-macos-arm64 1.2.0 21.00 OK
r-release-macos-x86_64 1.2.0 29.00 OK
r-release-windows-x86_64 1.2.0 20.00 66.00 86.00 OK
r-oldrel-macos-arm64 1.2.0 30.00 OK
r-oldrel-macos-x86_64 1.2.0 32.00 OK
r-oldrel-windows-ix86+x86_64 1.2.0 6.00 67.00 73.00 OK

Check Details

Version: 1.2.0
Check: Rd cross-references
Result: NOTE
    Undeclared package ‘flip’ in Rd xrefs
Flavor: r-devel-linux-x86_64-fedora-clang