Last updated on 2022-05-20 06:50:56 CEST.
Flavor | Version | Tinstall | Tcheck | Ttotal | Status | Flags |
---|---|---|---|---|---|---|
r-devel-linux-x86_64-debian-clang | 0.1.5 | 3.83 | 47.04 | 50.87 | NOTE | |
r-devel-linux-x86_64-debian-gcc | 0.1.5 | 2.54 | 37.23 | 39.77 | NOTE | |
r-devel-linux-x86_64-fedora-clang | 0.1.5 | 62.20 | NOTE | |||
r-devel-linux-x86_64-fedora-gcc | 0.1.5 | 60.46 | NOTE | |||
r-devel-windows-x86_64 | 0.1.5 | 10.00 | 69.00 | 79.00 | NOTE | |
r-patched-linux-x86_64 | 0.1.5 | 3.84 | 46.50 | 50.34 | NOTE | |
r-release-linux-x86_64 | 0.1.5 | 3.50 | 46.17 | 49.67 | NOTE | |
r-release-macos-arm64 | 0.1.5 | 21.00 | NOTE | |||
r-release-macos-x86_64 | 0.1.5 | 30.00 | NOTE | |||
r-release-windows-x86_64 | 0.1.5 | 13.00 | 67.00 | 80.00 | NOTE | |
r-oldrel-macos-arm64 | 0.1.5 | 24.00 | NOTE | |||
r-oldrel-macos-x86_64 | 0.1.5 | 37.00 | NOTE | |||
r-oldrel-windows-ix86+x86_64 | 0.1.5 | 10.00 | 57.00 | 67.00 | NOTE |
Version: 0.1.5
Check: LazyData
Result: NOTE
'LazyData' is specified without a 'data' directory
Flavors: r-devel-linux-x86_64-debian-clang, r-devel-linux-x86_64-debian-gcc, r-devel-linux-x86_64-fedora-clang, r-devel-linux-x86_64-fedora-gcc, r-devel-windows-x86_64, r-patched-linux-x86_64, r-release-linux-x86_64, r-release-macos-arm64, r-release-macos-x86_64, r-release-windows-x86_64, r-oldrel-macos-arm64, r-oldrel-macos-x86_64, r-oldrel-windows-ix86+x86_64