Last updated on 2022-06-26 12:54:46 CEST.
Flavor | Version | Tinstall | Tcheck | Ttotal | Status | Flags |
---|---|---|---|---|---|---|
r-devel-linux-x86_64-debian-clang | 1.92 | 17.57 | 146.32 | 163.89 | OK | |
r-devel-linux-x86_64-debian-gcc | 1.92 | 13.02 | 106.98 | 120.00 | OK | |
r-devel-linux-x86_64-fedora-clang | 1.92 | 197.85 | NOTE | |||
r-devel-linux-x86_64-fedora-gcc | 1.92 | 197.20 | OK | |||
r-devel-windows-x86_64 | 1.92 | 25.00 | 161.00 | 186.00 | OK | |
r-patched-linux-x86_64 | 1.92 | 11.70 | 135.64 | 147.34 | OK | |
r-release-linux-x86_64 | 1.92 | 12.21 | 133.15 | 145.36 | OK | |
r-release-macos-arm64 | 1.92 | 51.00 | OK | |||
r-release-macos-x86_64 | 1.92 | 89.00 | OK | |||
r-release-windows-x86_64 | 1.92 | 22.00 | 158.00 | 180.00 | OK | |
r-oldrel-macos-arm64 | 1.92 | 62.00 | OK | |||
r-oldrel-macos-x86_64 | 1.92 | 85.00 | OK | |||
r-oldrel-windows-ix86+x86_64 | 1.92 | 44.00 | 151.00 | 195.00 | OK |
Version: 1.92
Check: Rd cross-references
Result: NOTE
Undeclared package ‘mixture’ in Rd xrefs
Flavor: r-devel-linux-x86_64-fedora-clang