CRAN Package Check Results for Package flashCard

Last updated on 2021-08-01 07:51:45 CEST.

Flavor Version Tinstall Tcheck Ttotal Status Flags
r-devel-linux-x86_64-debian-clang 0.1.0 1.92 25.21 27.13 NOTE
r-devel-linux-x86_64-debian-gcc 0.1.0 1.63 20.47 22.10 NOTE
r-devel-linux-x86_64-fedora-clang 0.1.0 42.84 NOTE
r-devel-linux-x86_64-fedora-gcc 0.1.0 31.82 NOTE
r-devel-windows-x86_64 0.1.0 3.00 40.00 43.00 NOTE
r-devel-windows-x86_64-gcc10-UCRT 0.1.0 NOTE
r-patched-linux-x86_64 0.1.0 NOTE
r-patched-solaris-x86 0.1.0 50.00 WARN
r-release-linux-x86_64 0.1.0 2.09 24.15 26.24 NOTE
r-release-macos-arm64 0.1.0 WARN
r-release-macos-x86_64 0.1.0 WARN
r-release-windows-ix86+x86_64 0.1.0 6.00 44.00 50.00 NOTE
r-oldrel-macos-x86_64 0.1.0 WARN
r-oldrel-windows-ix86+x86_64 0.1.0 5.00 48.00 53.00 OK

Check Details

Version: 0.1.0
Check: LazyData
Result: NOTE
     'LazyData' is specified without a 'data' directory
Flavors: r-devel-linux-x86_64-debian-clang, r-devel-linux-x86_64-debian-gcc, r-devel-linux-x86_64-fedora-clang, r-devel-linux-x86_64-fedora-gcc, r-devel-windows-x86_64, r-devel-windows-x86_64-gcc10-UCRT, r-patched-linux-x86_64, r-patched-solaris-x86, r-release-linux-x86_64, r-release-macos-arm64, r-release-macos-x86_64, r-release-windows-ix86+x86_64

Version: 0.1.0
Check: re-building of vignette outputs
Result: WARN
    Error(s) in re-building vignettes:
     ...
    --- re-building ‘Intro-flashCard.Rmd’ using rmarkdown
    Warning in engine$weave(file, quiet = quiet, encoding = enc) :
     Pandoc (>= 1.12.3) not available. Falling back to R Markdown v1.
    Quitting from lines 26-32 (Intro-flashCard.Rmd)
    Error: processing vignette 'Intro-flashCard.Rmd' failed with diagnostics:
    there is no package called 'webshot'
    --- failed re-building ‘Intro-flashCard.Rmd’
    
    SUMMARY: processing the following file failed:
     ‘Intro-flashCard.Rmd’
    
    Error: Vignette re-building failed.
    Execution halted
Flavor: r-patched-solaris-x86

Version: 0.1.0
Check: re-building of vignette outputs
Result: WARN
    Error(s) in re-building vignettes:
     ...
    --- re-building ‘Intro-flashCard.Rmd’ using rmarkdown
    Warning in engine$weave(file, quiet = quiet, encoding = enc) :
     Pandoc (>= 1.12.3) not available. Falling back to R Markdown v1.
    Quitting from lines 26-32 (Intro-flashCard.Rmd)
    Error: processing vignette 'Intro-flashCard.Rmd' failed with diagnostics:
    invalid 'path' argument
    --- failed re-building ‘Intro-flashCard.Rmd’
    
    SUMMARY: processing the following file failed:
     ‘Intro-flashCard.Rmd’
    
    Error: Vignette re-building failed.
    Execution halted
Flavors: r-release-macos-arm64, r-release-macos-x86_64

Version: 0.1.0
Check: re-building of vignette outputs
Result: WARN
    Error(s) in re-building vignettes:
     ...
    --- re-building ‘Intro-flashCard.Rmd’ using rmarkdown
    Warning in engine$weave(file, quiet = quiet, encoding = enc) :
     Pandoc (>= 1.12.3) and/or pandoc-citeproc not available. Falling back to R Markdown v1.
    Quitting from lines 26-32 (Intro-flashCard.Rmd)
    Error: processing vignette 'Intro-flashCard.Rmd' failed with diagnostics:
    cannot open the connection
    --- failed re-building ‘Intro-flashCard.Rmd’
    
    SUMMARY: processing the following file failed:
     ‘Intro-flashCard.Rmd’
    
    Error: Vignette re-building failed.
    Execution halted
Flavor: r-oldrel-macos-x86_64