CRAN Package Check Results for Package fixerapi

Last updated on 2021-08-02 19:50:45 CEST.

Flavor Version Tinstall Tcheck Ttotal Status Flags
r-devel-linux-x86_64-debian-clang 0.1.6 3.90 46.03 49.93 NOTE
r-devel-linux-x86_64-debian-gcc 0.1.6 3.07 34.45 37.52 NOTE
r-devel-linux-x86_64-fedora-clang 0.1.6 68.42 NOTE
r-devel-linux-x86_64-fedora-gcc 0.1.6 57.05 NOTE
r-devel-windows-x86_64 0.1.6 6.00 60.00 66.00 NOTE
r-devel-windows-x86_64-gcc10-UCRT 0.1.6 NOTE
r-patched-linux-x86_64 0.1.6 NOTE
r-patched-solaris-x86 0.1.6 84.30 NOTE
r-release-linux-x86_64 0.1.6 3.15 42.40 45.55 NOTE
r-release-macos-arm64 0.1.6 NOTE
r-release-macos-x86_64 0.1.6 NOTE
r-release-windows-ix86+x86_64 0.1.6 11.00 69.00 80.00 NOTE
r-oldrel-macos-x86_64 0.1.6 OK
r-oldrel-windows-ix86+x86_64 0.1.6 9.00 62.00 71.00 OK

Check Details

Version: 0.1.6
Check: LazyData
Result: NOTE
     'LazyData' is specified without a 'data' directory
Flavors: r-devel-linux-x86_64-debian-clang, r-devel-linux-x86_64-debian-gcc, r-devel-linux-x86_64-fedora-clang, r-devel-linux-x86_64-fedora-gcc, r-devel-windows-x86_64, r-devel-windows-x86_64-gcc10-UCRT, r-patched-linux-x86_64, r-patched-solaris-x86, r-release-linux-x86_64, r-release-macos-arm64, r-release-macos-x86_64, r-release-windows-ix86+x86_64