CRAN Package Check Results for Package fingerPro

Last updated on 2022-11-30 06:53:28 CET.

Flavor Version Tinstall Tcheck Ttotal Status Flags
r-devel-linux-x86_64-debian-clang 1.1 41.41 163.57 204.98 OK
r-devel-linux-x86_64-debian-gcc 1.1 35.01 122.39 157.40 OK
r-devel-linux-x86_64-fedora-clang 1.1 286.97 NOTE
r-devel-linux-x86_64-fedora-gcc 1.1 270.99 NOTE
r-devel-windows-x86_64 1.1 49.00 234.00 283.00 OK
r-patched-linux-x86_64 1.1 28.45 170.98 199.43 OK
r-release-linux-x86_64 1.1 41.15 169.28 210.43 OK
r-release-macos-arm64 1.1 110.00 NOTE
r-release-macos-x86_64 1.1 193.00 NOTE
r-release-windows-x86_64 1.1 57.00 201.00 258.00 OK
r-oldrel-macos-arm64 1.1 192.00 NOTE
r-oldrel-macos-x86_64 1.1 128.00 NOTE
r-oldrel-windows-ix86+x86_64 1.1 100.00 230.00 330.00 OK

Check Details

Version: 1.1
Check: dependencies in R code
Result: NOTE
    Namespace in Imports field not imported from: ‘RcppProgress’
     All declared Imports should be used.
Flavors: r-devel-linux-x86_64-fedora-clang, r-devel-linux-x86_64-fedora-gcc, r-release-macos-arm64, r-release-macos-x86_64, r-oldrel-macos-arm64, r-oldrel-macos-x86_64