CRAN Package Check Results for Package findInFiles

Last updated on 2021-06-21 07:48:43 CEST.

Flavor Version Tinstall Tcheck Ttotal Status Flags
r-devel-linux-x86_64-debian-clang 0.1.2 2.19 23.72 25.91 NOTE
r-devel-linux-x86_64-debian-gcc 0.1.2 1.63 19.48 21.11 NOTE
r-devel-linux-x86_64-fedora-clang 0.1.2 40.66 NOTE
r-devel-linux-x86_64-fedora-gcc 0.1.2 30.31 NOTE
r-devel-windows-x86_64 0.1.2 4.00 29.00 33.00 NOTE
r-devel-windows-x86_64-gcc10-UCRT 0.1.2 NOTE
r-patched-linux-x86_64 0.1.2 2.24 23.37 25.61 NOTE
r-patched-solaris-x86 0.1.2 47.70 NOTE
r-release-linux-x86_64 0.1.2 2.19 23.42 25.61 NOTE
r-release-macos-arm64 0.1.2 NOTE
r-release-macos-x86_64 0.1.2 NOTE
r-release-windows-ix86+x86_64 0.1.2 5.00 37.00 42.00 NOTE
r-oldrel-macos-x86_64 0.1.2 OK
r-oldrel-windows-ix86+x86_64 0.1.2 4.00 0.00 4.00 OK

Check Details

Version: 0.1.2
Check: LazyData
Result: NOTE
     'LazyData' is specified without a 'data' directory
Flavors: r-devel-linux-x86_64-debian-clang, r-devel-linux-x86_64-debian-gcc, r-devel-linux-x86_64-fedora-clang, r-devel-linux-x86_64-fedora-gcc, r-devel-windows-x86_64, r-devel-windows-x86_64-gcc10-UCRT, r-patched-linux-x86_64, r-patched-solaris-x86, r-release-linux-x86_64, r-release-macos-arm64, r-release-macos-x86_64, r-release-windows-ix86+x86_64