CRAN Package Check Results for Package finalfit

Last updated on 2022-12-10 07:04:34 CET.

Flavor Version Tinstall Tcheck Ttotal Status Flags
r-devel-linux-x86_64-debian-clang 1.0.5 18.05 471.39 489.44 OK
r-devel-linux-x86_64-debian-gcc 1.0.5 14.59 354.04 368.63 OK
r-devel-linux-x86_64-fedora-clang 1.0.5 576.24 NOTE
r-devel-linux-x86_64-fedora-gcc 1.0.5 591.40 NOTE
r-devel-windows-x86_64 1.0.5 62.00 561.00 623.00 OK
r-patched-linux-x86_64 1.0.5 22.23 431.97 454.20 OK
r-release-linux-x86_64 1.0.5 15.85 403.97 419.82 OK
r-release-macos-arm64 1.0.5 162.00 NOTE
r-release-macos-x86_64 1.0.5 204.00 NOTE
r-release-windows-x86_64 1.0.5 72.00 506.00 578.00 OK
r-oldrel-macos-arm64 1.0.5 171.00 NOTE
r-oldrel-macos-x86_64 1.0.5 216.00 NOTE
r-oldrel-windows-ix86+x86_64 1.0.5 37.00 517.00 554.00 OK

Check Details

Version: 1.0.5
Check: dependencies in R code
Result: NOTE
    Namespace in Imports field not imported from: ‘tidyselect’
     All declared Imports should be used.
Flavors: r-devel-linux-x86_64-fedora-clang, r-devel-linux-x86_64-fedora-gcc, r-release-macos-arm64, r-release-macos-x86_64, r-oldrel-macos-arm64, r-oldrel-macos-x86_64