Last updated on 2023-03-31 12:54:11 CEST.
Flavor | Version | Tinstall | Tcheck | Ttotal | Status | Flags |
---|---|---|---|---|---|---|
r-devel-linux-x86_64-debian-clang | 0.2.0 | 2.66 | 26.31 | 28.97 | OK | |
r-devel-linux-x86_64-debian-gcc | 0.2.0 | 2.00 | 21.19 | 23.19 | OK | |
r-devel-linux-x86_64-fedora-clang | 0.2.0 | 36.58 | OK | |||
r-devel-linux-x86_64-fedora-gcc | 0.2.0 | 34.74 | OK | |||
r-devel-windows-x86_64 | 0.2.0 | 17.00 | 0.00 | 17.00 | OK | |
r-patched-linux-x86_64 | 0.2.0 | 2.21 | 25.86 | 28.07 | OK | |
r-release-linux-x86_64 | 0.2.0 | 2.52 | 27.82 | 30.34 | OK | |
r-release-macos-arm64 | 0.2.0 | 17.00 | OK | |||
r-release-macos-x86_64 | 0.2.0 | 25.00 | OK | |||
r-release-windows-x86_64 | 0.2.0 | 17.00 | 68.00 | 85.00 | OK | |
r-oldrel-macos-arm64 | 0.2.0 | 20.00 | OK | |||
r-oldrel-macos-x86_64 | 0.2.0 | 30.00 | OK | |||
r-oldrel-windows-ix86+x86_64 | 0.2.0 | 5.00 | 53.00 | 58.00 | NOTE |
Version: 0.2.0
Check: R code for possible problems
Result: NOTE
Initiating curl with CURL_SSL_BACKEND: openssl
Flavor: r-oldrel-windows-ix86+x86_64