CRAN Package Check Results for Package fdrDiscreteNull

Last updated on 2024-02-25 01:01:04 CET.

Flavor Version Tinstall Tcheck Ttotal Status Flags
r-devel-linux-x86_64-debian-clang 1.4 11.56 108.63 120.19 OK
r-devel-linux-x86_64-debian-gcc 1.4 10.13 82.67 92.80 OK
r-devel-linux-x86_64-fedora-clang 1.4 148.96 OK
r-devel-linux-x86_64-fedora-gcc 1.4 144.40 OK
r-devel-windows-x86_64 1.4 13.00 90.00 103.00 OK
r-patched-linux-x86_64 1.4 8.93 108.61 117.54 OK
r-release-linux-x86_64 1.4 8.57 105.94 114.51 OK
r-release-macos-arm64 1.4 46.00 OK
r-release-macos-x86_64 1.4 78.00 OK
r-release-windows-x86_64 1.4 10.00 5.00 15.00 ERROR
r-oldrel-macos-arm64 1.4 45.00 OK
r-oldrel-windows-x86_64 1.4 16.00 114.00 130.00 OK

Check Details

Version: 1.4
Check: whether package can be installed
Result: ERROR Installation failed. Flavor: r-release-windows-x86_64