CRAN Package Check Results for Package fdq

Last updated on 2021-12-07 20:52:38 CET.

Flavor Version Tinstall Tcheck Ttotal Status Flags
r-devel-linux-x86_64-debian-clang 0.12 7.18 73.24 80.42 NOTE
r-devel-linux-x86_64-debian-gcc 0.12 6.22 55.79 62.01 NOTE
r-devel-linux-x86_64-fedora-clang 0.12 100.20 NOTE
r-devel-linux-x86_64-fedora-gcc 0.12 85.64 NOTE
r-devel-windows-x86_64-new-UL 0.12 14.00 111.00 125.00 NOTE
r-devel-windows-x86_64-new-TK 0.12 NOTE
r-devel-windows-x86_64-old 0.12 12.00 86.00 98.00 NOTE
r-patched-linux-x86_64 0.12 6.53 68.61 75.14 NOTE
r-release-linux-x86_64 0.12 6.35 69.00 75.35 NOTE
r-release-macos-arm64 0.12 NOTE
r-release-macos-x86_64 0.12 NOTE
r-release-windows-ix86+x86_64 0.12 12.00 88.00 100.00 NOTE
r-oldrel-macos-x86_64 0.12 NOTE
r-oldrel-windows-ix86+x86_64 0.12 18.00 82.00 100.00 OK

Check Details

Version: 0.12
Check: LazyData
Result: NOTE
     'LazyData' is specified without a 'data' directory
Flavors: r-devel-linux-x86_64-debian-clang, r-devel-linux-x86_64-debian-gcc, r-devel-linux-x86_64-fedora-clang, r-devel-linux-x86_64-fedora-gcc, r-devel-windows-x86_64-new-UL, r-devel-windows-x86_64-new-TK, r-devel-windows-x86_64-old, r-patched-linux-x86_64, r-release-linux-x86_64, r-release-macos-arm64, r-release-macos-x86_64, r-release-windows-ix86+x86_64

Version: 0.12
Check: dependencies in R code
Result: NOTE
    Namespaces in Imports field not imported from:
     ‘data.table’ ‘ggplot2’ ‘randomcoloR’ ‘sqldf’
     All declared Imports should be used.
Flavors: r-devel-linux-x86_64-fedora-clang, r-devel-linux-x86_64-fedora-gcc, r-devel-windows-x86_64-new-TK, r-release-macos-arm64, r-release-macos-x86_64, r-oldrel-macos-x86_64