CRAN Package Check Results for Package fdm2id

Last updated on 2022-10-05 06:51:21 CEST.

Flavor Version Tinstall Tcheck Ttotal Status Flags
r-devel-linux-x86_64-debian-clang 0.9.6 17.70 170.83 188.53 OK
r-devel-linux-x86_64-debian-gcc 0.9.6 14.56 128.81 143.37 OK
r-devel-linux-x86_64-fedora-clang 0.9.6 252.10 NOTE
r-devel-linux-x86_64-fedora-gcc 0.9.6 232.59 NOTE
r-devel-windows-x86_64 0.9.6 58.00 260.00 318.00 OK
r-patched-linux-x86_64 0.9.6 15.46 158.37 173.83 OK
r-release-linux-x86_64 0.9.6 16.87 157.08 173.95 OK
r-release-macos-arm64 0.9.6 69.00 NOTE
r-release-macos-x86_64 0.9.6 110.00 NOTE
r-release-windows-x86_64 0.9.6 81.00 237.00 318.00 OK
r-oldrel-macos-arm64 0.9.6 60.00 NOTE
r-oldrel-macos-x86_64 0.9.6 91.00 NOTE
r-oldrel-windows-ix86+x86_64 0.9.6 40.00 231.00 271.00 OK

Check Details

Version: 0.9.6
Check: package dependencies
Result: NOTE
    Imports includes 26 non-default packages.
    Importing from so many packages makes the package vulnerable to any of
    them becoming unavailable. Move as many as possible to Suggests and
    use conditionally.
Flavor: r-devel-linux-x86_64-fedora-clang

Version: 0.9.6
Check: data for non-ASCII characters
Result: NOTE
     Note: found 3 marked Latin-1 strings
     Note: found 3 marked UTF-8 strings
Flavors: r-devel-linux-x86_64-fedora-clang, r-devel-linux-x86_64-fedora-gcc, r-release-macos-arm64, r-release-macos-x86_64, r-oldrel-macos-arm64, r-oldrel-macos-x86_64

Version: 0.9.6
Check: package dependencies
Result: NOTE
    Package which this enhances but not available for checking: ‘NMF’
Flavor: r-release-macos-arm64

Version: 0.9.6
Check: Rd cross-references
Result: NOTE
    Package unavailable to check Rd xrefs: ‘NMF’
Flavor: r-release-macos-arm64