Last updated on 2023-10-02 19:11:08 CEST.
Flavor | Version | Tinstall | Tcheck | Ttotal | Status | Flags |
---|---|---|---|---|---|---|
r-devel-linux-x86_64-debian-clang | 0.9.9 | 22.13 | 211.43 | 233.56 | OK | |
r-devel-linux-x86_64-debian-gcc | 0.9.9 | 19.94 | 156.83 | 176.77 | OK | |
r-devel-linux-x86_64-fedora-clang | 0.9.9 | 281.75 | NOTE | |||
r-devel-linux-x86_64-fedora-gcc | 0.9.9 | 278.71 | NOTE | |||
r-devel-windows-x86_64 | 0.9.9 | 22.00 | 208.00 | 230.00 | OK | |
r-patched-linux-x86_64 | 0.9.9 | 25.86 | 205.76 | 231.62 | OK | |
r-release-linux-x86_64 | 0.9.9 | 24.29 | 205.98 | 230.27 | OK | |
r-release-macos-arm64 | 0.9.9 | 79.00 | OK | |||
r-release-macos-x86_64 | 0.9.9 | 156.00 | OK | |||
r-release-windows-x86_64 | 0.9.9 | 33.00 | 262.00 | 295.00 | OK | |
r-oldrel-macos-arm64 | 0.9.9 | 88.00 | OK | |||
r-oldrel-macos-x86_64 | 0.9.9 | 107.00 | OK | |||
r-oldrel-windows-x86_64 | 0.9.9 | 29.00 | 237.00 | 266.00 | OK |
Version: 0.9.9
Check: data for non-ASCII characters
Result: NOTE
Note: found 3 marked Latin-1 strings
Note: found 3 marked UTF-8 strings
Flavors: r-devel-linux-x86_64-fedora-clang, r-devel-linux-x86_64-fedora-gcc