CRAN Package Check Results for Package fdasrvf

Last updated on 2021-07-26 01:50:12 CEST.

Flavor Version Tinstall Tcheck Ttotal Status Flags
r-devel-linux-x86_64-debian-clang 1.9.7 103.32 233.10 336.42 OK
r-devel-linux-x86_64-debian-gcc 1.9.7 69.77 171.62 241.39 OK
r-devel-linux-x86_64-fedora-clang 1.9.7 417.74 NOTE
r-devel-linux-x86_64-fedora-gcc 1.9.7 390.81 OK
r-devel-windows-x86_64 1.9.7 126.00 286.00 412.00 OK
r-devel-windows-x86_64-gcc10-UCRT 1.9.7 OK
r-patched-linux-x86_64 1.9.7 90.50 222.40 312.90 OK
r-patched-solaris-x86 1.9.7 466.00 OK
r-release-linux-x86_64 1.9.7 70.87 218.11 288.98 OK
r-release-macos-arm64 1.9.7 NOTE
r-release-macos-x86_64 1.9.7 NOTE
r-release-windows-ix86+x86_64 1.9.7 217.00 405.00 622.00 NOTE
r-oldrel-macos-x86_64 1.9.7 NOTE
r-oldrel-windows-ix86+x86_64 1.9.7 206.00 414.00 620.00 NOTE

Check Details

Version: 1.9.7
Check: installed package size
Result: NOTE
     installed size is 5.8Mb
     sub-directories of 1Mb or more:
     data 2.3Mb
     libs 2.9Mb
Flavors: r-devel-linux-x86_64-fedora-clang, r-release-macos-arm64, r-release-macos-x86_64, r-release-windows-ix86+x86_64, r-oldrel-macos-x86_64, r-oldrel-windows-ix86+x86_64