CRAN Package Check Results for Package fdapace

Last updated on 2021-08-05 07:49:25 CEST.

Flavor Version Tinstall Tcheck Ttotal Status Flags
r-devel-linux-x86_64-debian-clang 0.5.7 323.53 284.97 608.50 OK
r-devel-linux-x86_64-debian-gcc 0.5.7 224.74 216.89 441.63 OK
r-devel-linux-x86_64-fedora-clang 0.5.7 806.52 NOTE
r-devel-linux-x86_64-fedora-gcc 0.5.7 761.45 OK
r-devel-windows-x86_64 0.5.7 347.00 335.00 682.00 OK
r-devel-windows-x86_64-gcc10-UCRT 0.5.7 ERROR
r-patched-linux-x86_64 0.5.7 261.24 284.75 545.99 OK
r-patched-solaris-x86 0.5.7 748.70 OK
r-release-linux-x86_64 0.5.7 249.90 284.53 534.43 OK
r-release-macos-arm64 0.5.7 NOTE
r-release-macos-x86_64 0.5.7 NOTE
r-release-windows-ix86+x86_64 0.5.7 649.00 440.00 1089.00 OK
r-oldrel-macos-x86_64 0.5.7 NOTE
r-oldrel-windows-ix86+x86_64 0.5.7 656.00 451.00 1107.00 OK

Check Details

Version: 0.5.7
Check: installed package size
Result: NOTE
     installed size is 43.8Mb
     sub-directories of 1Mb or more:
     libs 42.2Mb
Flavors: r-devel-linux-x86_64-fedora-clang, r-release-macos-arm64, r-release-macos-x86_64, r-oldrel-macos-x86_64

Version: 0.5.7
Check: package dependencies
Result: ERROR
    Package required but not available: 'Hmisc'
    
    Package suggested but not available for checking: 'testthat'
    
    See section 'The DESCRIPTION file' in the 'Writing R Extensions'
    manual.
Flavor: r-devel-windows-x86_64-gcc10-UCRT