Last updated on 2023-03-31 06:49:43 CEST.
Flavor | Version | Tinstall | Tcheck | Ttotal | Status | Flags |
---|---|---|---|---|---|---|
r-devel-linux-x86_64-debian-clang | 1.0.3 | 6.97 | 69.73 | 76.70 | OK | |
r-devel-linux-x86_64-debian-gcc | 1.0.3 | 5.14 | 52.69 | 57.83 | OK | |
r-devel-linux-x86_64-fedora-clang | 1.0.3 | 95.83 | NOTE | |||
r-devel-linux-x86_64-fedora-gcc | 1.0.3 | 100.37 | NOTE | |||
r-devel-windows-x86_64 | 1.0.3 | 26.00 | 98.00 | 124.00 | OK | |
r-patched-linux-x86_64 | 1.0.3 | 6.27 | 65.43 | 71.70 | OK | |
r-release-linux-x86_64 | 1.0.3 | 5.24 | 66.32 | 71.56 | OK | |
r-release-macos-arm64 | 1.0.3 | 34.00 | NOTE | |||
r-release-macos-x86_64 | 1.0.3 | 45.00 | NOTE | |||
r-release-windows-x86_64 | 1.0.3 | 13.00 | 101.00 | 114.00 | OK | |
r-oldrel-macos-arm64 | 1.0.3 | 30.00 | NOTE | |||
r-oldrel-macos-x86_64 | 1.0.3 | 50.00 | NOTE | |||
r-oldrel-windows-ix86+x86_64 | 1.0.3 | 20.00 | 94.00 | 114.00 | OK |
Version: 1.0.3
Check: dependencies in R code
Result: NOTE
Namespaces in Imports field not imported from:
‘FastGP’ ‘MASS’ ‘fdapace’
All declared Imports should be used.
Flavors: r-devel-linux-x86_64-fedora-clang, r-devel-linux-x86_64-fedora-gcc, r-release-macos-arm64, r-release-macos-x86_64, r-oldrel-macos-arm64, r-oldrel-macos-x86_64