CRAN Package Check Results for Package fcm

Last updated on 2022-09-29 00:52:48 CEST.

Flavor Version Tinstall Tcheck Ttotal Status Flags
r-devel-linux-x86_64-debian-clang 0.1.3 5.85 64.66 70.51 NOTE
r-devel-linux-x86_64-debian-gcc 0.1.3 4.05 47.75 51.80 NOTE
r-devel-linux-x86_64-fedora-clang 0.1.3 96.36 NOTE
r-devel-linux-x86_64-fedora-gcc 0.1.3 101.52 NOTE
r-devel-windows-x86_64 0.1.3 11.00 88.00 99.00 NOTE
r-patched-linux-x86_64 0.1.3 5.95 60.19 66.14 NOTE
r-release-linux-x86_64 0.1.3 5.03 59.74 64.77 NOTE
r-release-macos-arm64 0.1.3 29.00 NOTE
r-release-macos-x86_64 0.1.3 56.00 NOTE
r-release-windows-x86_64 0.1.3 9.00 91.00 100.00 NOTE
r-oldrel-macos-arm64 0.1.3 32.00 NOTE
r-oldrel-macos-x86_64 0.1.3 48.00 NOTE
r-oldrel-windows-ix86+x86_64 0.1.3 16.00 85.00 101.00 NOTE

Check Details

Version: 0.1.3
Check: LazyData
Result: NOTE
     'LazyData' is specified without a 'data' directory
Flavors: r-devel-linux-x86_64-debian-clang, r-devel-linux-x86_64-debian-gcc, r-devel-linux-x86_64-fedora-clang, r-devel-linux-x86_64-fedora-gcc, r-devel-windows-x86_64, r-patched-linux-x86_64, r-release-linux-x86_64, r-release-macos-arm64, r-release-macos-x86_64, r-release-windows-x86_64, r-oldrel-macos-arm64, r-oldrel-macos-x86_64, r-oldrel-windows-ix86+x86_64