CRAN Package Check Results for Package fcci

Last updated on 2024-02-21 12:52:59 CET.

Flavor Version Tinstall Tcheck Ttotal Status Flags
r-devel-linux-x86_64-debian-clang 1.0.1 NOTE
r-devel-linux-x86_64-debian-gcc 1.0.1 19.89 68.89 88.78 NOTE
r-devel-linux-x86_64-fedora-clang 1.0.1 152.41 NOTE
r-devel-linux-x86_64-fedora-gcc 1.0.1 163.43 NOTE
r-devel-windows-x86_64 1.0.1 21.00 231.00 252.00 NOTE
r-patched-linux-x86_64 1.0.1 26.72 93.03 119.75 NOTE
r-release-linux-x86_64 1.0.1 27.41 103.67 131.08 NOTE
r-release-macos-arm64 1.0.1 63.00 NOTE
r-release-macos-x86_64 1.0.1 88.00 NOTE
r-release-windows-x86_64 1.0.1 20.00 140.00 160.00 NOTE
r-oldrel-macos-arm64 1.0.1 73.00 OK
r-oldrel-windows-x86_64 1.0.1 28.00 174.00 202.00 OK

Check Details

Version: 1.0.1
Check: C++ specification
Result: NOTE Specified C++11: please drop specification unless essential Flavors: r-devel-linux-x86_64-debian-clang, r-devel-linux-x86_64-debian-gcc, r-devel-linux-x86_64-fedora-clang, r-devel-linux-x86_64-fedora-gcc, r-devel-windows-x86_64, r-patched-linux-x86_64, r-release-linux-x86_64, r-release-macos-arm64, r-release-macos-x86_64, r-release-windows-x86_64