Last updated on 2023-03-30 12:55:09 CEST.
Flavor | Version | Tinstall | Tcheck | Ttotal | Status | Flags |
---|---|---|---|---|---|---|
r-devel-linux-x86_64-debian-clang | 1.0.2 | 4.98 | 40.60 | 45.58 | OK | |
r-devel-linux-x86_64-debian-gcc | 1.0.2 | 4.44 | 31.34 | 35.78 | OK | |
r-devel-linux-x86_64-fedora-clang | 1.0.2 | 58.58 | NOTE | |||
r-devel-linux-x86_64-fedora-gcc | 1.0.2 | 57.71 | NOTE | |||
r-devel-windows-x86_64 | 1.0.2 | 19.00 | 0.00 | 19.00 | OK | |
r-patched-linux-x86_64 | 1.0.2 | 5.61 | 39.31 | 44.92 | OK | |
r-release-linux-x86_64 | 1.0.2 | 3.93 | 41.21 | 45.14 | OK | |
r-release-macos-arm64 | 1.0.2 | 18.00 | OK | |||
r-release-macos-x86_64 | 1.0.2 | 29.00 | OK | |||
r-release-windows-x86_64 | 1.0.2 | 18.00 | 72.00 | 90.00 | OK | |
r-oldrel-macos-arm64 | 1.0.2 | 19.00 | OK | |||
r-oldrel-macos-x86_64 | 1.0.2 | 31.00 | OK | |||
r-oldrel-windows-ix86+x86_64 | 1.0.2 | 11.00 | 63.00 | 74.00 | OK |
Version: 1.0.2
Check: dependencies in R code
Result: NOTE
Namespaces in Imports field not imported from:
‘Rsolnp’ ‘assertthat’ ‘utils’
All declared Imports should be used.
Flavors: r-devel-linux-x86_64-fedora-clang, r-devel-linux-x86_64-fedora-gcc