Last updated on 2022-05-18 00:53:12 CEST.
Flavor | Version | Tinstall | Tcheck | Ttotal | Status | Flags |
---|---|---|---|---|---|---|
r-devel-linux-x86_64-debian-clang | 0.2.3 | 2.98 | 59.30 | 62.28 | OK | |
r-devel-linux-x86_64-debian-gcc | 0.2.3 | 3.08 | 44.84 | 47.92 | OK | |
r-devel-linux-x86_64-fedora-clang | 0.2.3 | 76.23 | NOTE | |||
r-devel-linux-x86_64-fedora-gcc | 0.2.3 | 71.50 | NOTE | |||
r-devel-windows-x86_64 | 0.2.3 | 28.00 | 83.00 | 111.00 | OK | |
r-patched-linux-x86_64 | 0.2.3 | 4.18 | 56.52 | 60.70 | OK | |
r-release-linux-x86_64 | 0.2.3 | 3.91 | 57.08 | 60.99 | OK | |
r-release-macos-arm64 | 0.2.3 | 26.00 | NOTE | |||
r-release-macos-x86_64 | 0.2.3 | 35.00 | NOTE | |||
r-release-windows-x86_64 | 0.2.3 | 32.00 | 83.00 | 115.00 | OK | |
r-oldrel-macos-arm64 | 0.2.3 | 22.00 | NOTE | |||
r-oldrel-macos-x86_64 | 0.2.3 | 35.00 | NOTE | |||
r-oldrel-windows-ix86+x86_64 | 0.2.3 | 10.00 | 72.00 | 82.00 | OK |
Version: 0.2.3
Check: dependencies in R code
Result: NOTE
Namespaces in Imports field not imported from:
‘collapse’ ‘data.table’ ‘fst’ ‘kit’ ‘magrittr’ ‘matrixStats’
All declared Imports should be used.
Flavors: r-devel-linux-x86_64-fedora-clang, r-devel-linux-x86_64-fedora-gcc, r-release-macos-arm64, r-release-macos-x86_64, r-oldrel-macos-arm64, r-oldrel-macos-x86_64