CRAN Package Check Results for Package fastrmodels

Last updated on 2024-06-18 12:55:52 CEST.

Flavor Version Tinstall Tcheck Ttotal Status Flags
r-devel-linux-x86_64-debian-clang 1.0.2 50.51 78.78 129.29 OK
r-devel-linux-x86_64-debian-gcc 1.0.2 44.72 58.70 103.42 OK
r-devel-linux-x86_64-fedora-clang 1.0.2 172.10 NOTE
r-devel-linux-x86_64-fedora-gcc 1.0.2 162.51 OK
r-devel-windows-x86_64 1.0.2 47.00 73.00 120.00 NOTE
r-patched-linux-x86_64 1.0.2 48.25 71.38 119.63 OK
r-release-linux-x86_64 1.0.2 52.26 73.98 126.24 OK
r-release-macos-arm64 1.0.2 66.00 NOTE
r-release-macos-x86_64 1.0.2 85.00 NOTE
r-release-windows-x86_64 1.0.2 47.00 71.00 118.00 NOTE
r-oldrel-macos-arm64 1.0.2 79.00 NOTE
r-oldrel-macos-x86_64 1.0.2 106.00 NOTE
r-oldrel-windows-x86_64 1.0.2 59.00 87.00 146.00 NOTE

Check Details

Version: 1.0.2
Check: installed package size
Result: NOTE installed size is 15.8Mb sub-directories of 1Mb or more: data 15.7Mb Flavors: r-devel-linux-x86_64-fedora-clang, r-devel-windows-x86_64, r-release-macos-arm64, r-release-macos-x86_64, r-release-windows-x86_64, r-oldrel-macos-arm64, r-oldrel-macos-x86_64, r-oldrel-windows-x86_64