CRAN Package Check Results for Package fastrmodels

Last updated on 2021-11-26 19:52:50 CET.

Flavor Version Tinstall Tcheck Ttotal Status Flags
r-devel-linux-x86_64-debian-clang 1.0.2 51.78 75.21 126.99 OK
r-devel-linux-x86_64-debian-gcc 1.0.2 46.49 58.14 104.63 OK
r-devel-linux-x86_64-fedora-clang 1.0.2 173.07 NOTE
r-devel-linux-x86_64-fedora-gcc 1.0.2 154.75 OK
r-devel-windows-x86_64-new-UL 1.0.2 77.00 109.00 186.00 NOTE
r-devel-windows-x86_64-new-TK 1.0.2 OK
r-devel-windows-x86_64-old 1.0.2 56.00 85.00 141.00 NOTE
r-patched-linux-x86_64 1.0.2 49.12 72.92 122.04 OK
r-patched-solaris-x86 1.0.2 275.60 NOTE
r-release-linux-x86_64 1.0.2 OK
r-release-macos-arm64 1.0.2 NOTE
r-release-macos-x86_64 1.0.2 NOTE
r-release-windows-ix86+x86_64 1.0.2 73.00 97.00 170.00 NOTE
r-oldrel-macos-x86_64 1.0.2 NOTE
r-oldrel-windows-ix86+x86_64 1.0.2 60.00 102.00 162.00 NOTE

Check Details

Version: 1.0.2
Check: installed package size
Result: NOTE
     installed size is 15.8Mb
     sub-directories of 1Mb or more:
     data 15.7Mb
Flavors: r-devel-linux-x86_64-fedora-clang, r-devel-windows-x86_64-new-UL, r-devel-windows-x86_64-old, r-patched-solaris-x86, r-release-macos-arm64, r-release-macos-x86_64, r-release-windows-ix86+x86_64, r-oldrel-macos-x86_64, r-oldrel-windows-ix86+x86_64