Last updated on 2023-09-30 00:56:05 CEST.
Flavor | Version | Tinstall | Tcheck | Ttotal | Status | Flags |
---|---|---|---|---|---|---|
r-devel-linux-x86_64-debian-clang | 0.1.1 | 91.68 | 30.45 | 122.13 | NOTE | |
r-devel-linux-x86_64-debian-gcc | 0.1.1 | 51.44 | 23.07 | 74.51 | NOTE | |
r-devel-linux-x86_64-fedora-clang | 0.1.1 | 172.90 | NOTE | |||
r-devel-linux-x86_64-fedora-gcc | 0.1.1 | 165.42 | NOTE | |||
r-devel-windows-x86_64 | 0.1.1 | 33.00 | 69.00 | 102.00 | NOTE | |
r-patched-linux-x86_64 | 0.1.1 | 84.84 | 29.21 | 114.05 | NOTE | |
r-release-linux-x86_64 | 0.1.1 | 80.70 | 29.30 | 110.00 | NOTE | |
r-release-macos-arm64 | 0.1.1 | 38.00 | NOTE | |||
r-release-macos-x86_64 | 0.1.1 | 66.00 | NOTE | |||
r-release-windows-x86_64 | 0.1.1 | 45.00 | 70.00 | 115.00 | NOTE | |
r-oldrel-macos-arm64 | 0.1.1 | 38.00 | NOTE | |||
r-oldrel-macos-x86_64 | 0.1.1 | 49.00 | NOTE | |||
r-oldrel-windows-x86_64 | 0.1.1 | 42.00 | 69.00 | 111.00 | NOTE |
Version: 0.1.1
Check: LazyData
Result: NOTE
'LazyData' is specified without a 'data' directory
Flavors: r-devel-linux-x86_64-debian-clang, r-devel-linux-x86_64-debian-gcc, r-devel-linux-x86_64-fedora-clang, r-devel-linux-x86_64-fedora-gcc, r-devel-windows-x86_64, r-patched-linux-x86_64, r-release-linux-x86_64, r-release-macos-arm64, r-release-macos-x86_64, r-release-windows-x86_64, r-oldrel-macos-arm64, r-oldrel-macos-x86_64, r-oldrel-windows-x86_64
Version: 0.1.1
Check: C++ specification
Result: NOTE
Specified C++11: please drop specification unless essential
Flavors: r-devel-windows-x86_64, r-release-windows-x86_64