CRAN Package Check Results for Package fastmit

Last updated on 2022-09-29 00:52:48 CEST.

Flavor Version Tinstall Tcheck Ttotal Status Flags
r-devel-linux-x86_64-debian-clang 0.1.1 78.66 31.57 110.23 NOTE
r-devel-linux-x86_64-debian-gcc 0.1.1 56.99 24.13 81.12 NOTE
r-devel-linux-x86_64-fedora-clang 0.1.1 176.07 NOTE
r-devel-linux-x86_64-fedora-gcc 0.1.1 158.47 NOTE
r-devel-windows-x86_64 0.1.1 40.00 76.00 116.00 NOTE
r-patched-linux-x86_64 0.1.1 60.73 30.21 90.94 NOTE
r-release-linux-x86_64 0.1.1 64.69 29.99 94.68 NOTE
r-release-macos-arm64 0.1.1 36.00 NOTE
r-release-macos-x86_64 0.1.1 49.00 NOTE
r-release-windows-x86_64 0.1.1 36.00 79.00 115.00 NOTE
r-oldrel-macos-arm64 0.1.1 38.00 NOTE
r-oldrel-macos-x86_64 0.1.1 63.00 NOTE
r-oldrel-windows-ix86+x86_64 0.1.1 102.00 78.00 180.00 NOTE

Check Details

Version: 0.1.1
Check: LazyData
Result: NOTE
     'LazyData' is specified without a 'data' directory
Flavors: r-devel-linux-x86_64-debian-clang, r-devel-linux-x86_64-debian-gcc, r-devel-linux-x86_64-fedora-clang, r-devel-linux-x86_64-fedora-gcc, r-devel-windows-x86_64, r-patched-linux-x86_64, r-release-linux-x86_64, r-release-macos-arm64, r-release-macos-x86_64, r-release-windows-x86_64, r-oldrel-macos-arm64, r-oldrel-macos-x86_64, r-oldrel-windows-ix86+x86_64