CRAN Package Check Results for Package fastmatch

Last updated on 2024-06-14 21:53:37 CEST.

Flavor Version Tinstall Tcheck Ttotal Status Flags
r-devel-linux-x86_64-debian-clang 1.1-4 3.97 36.85 40.82 NOTE
r-devel-linux-x86_64-debian-gcc 1.1-4 2.31 29.23 31.54 NOTE
r-devel-linux-x86_64-fedora-clang 1.1-4 50.98 NOTE
r-devel-linux-x86_64-fedora-gcc 1.1-4 52.38 NOTE
r-devel-windows-x86_64 1.1-4 7.00 57.00 64.00 NOTE
r-patched-linux-x86_64 1.1-4 3.53 35.33 38.86 OK
r-release-linux-x86_64 1.1-4 3.13 35.34 38.47 OK
r-release-macos-arm64 1.1-4 22.00 OK
r-release-macos-x86_64 1.1-4 36.00 OK
r-release-windows-x86_64 1.1-4 7.00 58.00 65.00 OK
r-oldrel-macos-arm64 1.1-4 25.00 OK
r-oldrel-macos-x86_64 1.1-4 55.00 OK
r-oldrel-windows-x86_64 1.1-4 6.00 61.00 67.00 OK

Check Details

Version: 1.1-4
Check: compiled code
Result: NOTE File ‘fastmatch/libs/fastmatch.so’: Found non-API calls to R: ‘SETLENGTH’, ‘SET_NAMED’ Compiled code should not call non-API entry points in R. See ‘Writing portable packages’ in the ‘Writing R Extensions’ manual. Flavors: r-devel-linux-x86_64-debian-clang, r-devel-linux-x86_64-debian-gcc

Version: 1.1-4
Check: compiled code
Result: NOTE File ‘fastmatch/libs/fastmatch.so’: Found non-API calls to R: ‘NAMED’, ‘SETLENGTH’, ‘SET_NAMED’ Compiled code should not call non-API entry points in R. See ‘Writing portable packages’ in the ‘Writing R Extensions’ manual. Flavors: r-devel-linux-x86_64-fedora-clang, r-devel-linux-x86_64-fedora-gcc

Version: 1.1-4
Check: compiled code
Result: NOTE File 'fastmatch/libs/x64/fastmatch.dll': Found non-API calls to R: 'SETLENGTH', 'SET_NAMED' Compiled code should not call non-API entry points in R. See 'Writing portable packages' in the 'Writing R Extensions' manual. Flavor: r-devel-windows-x86_64