CRAN Package Check Results for Package fastmap

Last updated on 2022-10-04 00:51:35 CEST.

Flavor Version Tinstall Tcheck Ttotal Status Flags
r-devel-linux-x86_64-debian-clang 1.1.0 5.33 40.44 45.77 NOTE
r-devel-linux-x86_64-debian-gcc 1.1.0 3.20 28.81 32.01 NOTE
r-devel-linux-x86_64-fedora-clang 1.1.0 68.18 NOTE
r-devel-linux-x86_64-fedora-gcc 1.1.0 69.69 NOTE
r-devel-windows-x86_64 1.1.0 361.00 69.00 430.00 NOTE
r-patched-linux-x86_64 1.1.0 5.25 38.09 43.34 NOTE
r-release-linux-x86_64 1.1.0 4.43 37.50 41.93 NOTE
r-release-macos-arm64 1.1.0 27.00 NOTE
r-release-macos-x86_64 1.1.0 29.00 NOTE
r-release-windows-x86_64 1.1.0 16.00 68.00 84.00 NOTE
r-oldrel-macos-arm64 1.1.0 26.00 NOTE
r-oldrel-macos-x86_64 1.1.0 40.00 NOTE
r-oldrel-windows-ix86+x86_64 1.1.0 17.00 85.00 102.00 NOTE

Check Details

Version: 1.1.0
Check: LazyData
Result: NOTE
     'LazyData' is specified without a 'data' directory
Flavors: r-devel-linux-x86_64-debian-clang, r-devel-linux-x86_64-debian-gcc, r-devel-linux-x86_64-fedora-clang, r-devel-linux-x86_64-fedora-gcc, r-devel-windows-x86_64, r-patched-linux-x86_64, r-release-linux-x86_64, r-release-macos-arm64, r-release-macos-x86_64, r-release-windows-x86_64, r-oldrel-macos-arm64, r-oldrel-macos-x86_64, r-oldrel-windows-ix86+x86_64