CRAN Package Check Results for Package fastR2

Last updated on 2022-09-30 00:49:14 CEST.

Flavor Version Tinstall Tcheck Ttotal Status Flags
r-devel-linux-x86_64-debian-clang 1.2.2 18.06 159.17 177.23 NOTE
r-devel-linux-x86_64-debian-gcc 1.2.2 12.31 117.21 129.52 NOTE
r-devel-linux-x86_64-fedora-clang 1.2.2 238.56 NOTE
r-devel-linux-x86_64-fedora-gcc 1.2.2 233.74 NOTE
r-devel-windows-x86_64 1.2.2 215.00 221.00 436.00 NOTE
r-patched-linux-x86_64 1.2.2 20.07 143.29 163.36 OK
r-release-linux-x86_64 1.2.2 15.69 143.20 158.89 OK
r-release-macos-arm64 1.2.2 64.00 OK
r-release-macos-x86_64 1.2.2 107.00 OK
r-release-windows-x86_64 1.2.2 704.00 210.00 914.00 OK
r-oldrel-macos-arm64 1.2.2 69.00 OK
r-oldrel-macos-x86_64 1.2.2 84.00 OK
r-oldrel-windows-ix86+x86_64 1.2.2 41.00 183.00 224.00 OK

Check Details

Version: 1.2.2
Check: Rd files
Result: NOTE
    checkRd: (-1) Scent.Rd:37: Escaped LaTeX specials: \&
    checkRd: (-1) Traffic.Rd:44: Escaped LaTeX specials: \&
Flavors: r-devel-linux-x86_64-debian-clang, r-devel-linux-x86_64-debian-gcc, r-devel-linux-x86_64-fedora-clang, r-devel-linux-x86_64-fedora-gcc, r-devel-windows-x86_64