CRAN Package Check Results for Package fastM

Last updated on 2022-10-02 00:55:08 CEST.

Flavor Version Tinstall Tcheck Ttotal Status Flags
r-devel-linux-x86_64-debian-clang 0.0-4 36.27 32.78 69.05 OK
r-devel-linux-x86_64-debian-gcc 0.0-4 24.25 24.80 49.05 OK
r-devel-linux-x86_64-fedora-clang 0.0-4 99.36 NOTE
r-devel-linux-x86_64-fedora-gcc 0.0-4 94.75 OK
r-devel-windows-x86_64 0.0-4 38.00 88.00 126.00 OK
r-patched-linux-x86_64 0.0-4 25.34 31.73 57.07 OK
r-release-linux-x86_64 0.0-4 26.61 31.30 57.91 OK
r-release-macos-arm64 0.0-4 30.00 OK
r-release-macos-x86_64 0.0-4 39.00 OK
r-release-windows-x86_64 0.0-4 35.00 78.00 113.00 OK
r-oldrel-macos-arm64 0.0-4 32.00 OK
r-oldrel-macos-x86_64 0.0-4 47.00 OK
r-oldrel-windows-ix86+x86_64 0.0-4 80.00 82.00 162.00 OK

Check Details

Version: 0.0-4
Check: Rd cross-references
Result: NOTE
    Undeclared packages ‘ICSNP’, ‘ICS’ in Rd xrefs
Flavor: r-devel-linux-x86_64-fedora-clang