Last updated on 2023-03-23 06:52:20 CET.
Flavor | Version | Tinstall | Tcheck | Ttotal | Status | Flags |
---|---|---|---|---|---|---|
r-devel-linux-x86_64-debian-clang | 1.1.1 | 6.94 | 45.27 | 52.21 | OK | |
r-devel-linux-x86_64-debian-gcc | 1.1.1 | 5.40 | 34.54 | 39.94 | OK | |
r-devel-linux-x86_64-fedora-clang | 1.1.1 | 67.02 | NOTE | |||
r-devel-linux-x86_64-fedora-gcc | 1.1.1 | 61.20 | OK | |||
r-patched-linux-x86_64 | 1.1.1 | 5.11 | 44.37 | 49.48 | OK | |
r-release-linux-x86_64 | 1.1.1 | 5.29 | 44.65 | 49.94 | OK | |
r-release-macos-arm64 | 1.1.1 | 23.00 | OK | |||
r-release-macos-x86_64 | 1.1.1 | 48.00 | NOTE | |||
r-release-windows-x86_64 | 1.1.1 | 17.00 | 95.00 | 112.00 | OK | |
r-oldrel-macos-arm64 | 1.1.1 | 26.00 | OK | |||
r-oldrel-macos-x86_64 | 1.1.1 | 37.00 | OK | |||
r-oldrel-windows-ix86+x86_64 | 1.1.1 | 19.00 | 85.00 | 104.00 | OK |
Version: 1.1.1
Check: Rd cross-references
Result: NOTE
Undeclared package ‘RWeka’ in Rd xrefs
Flavor: r-devel-linux-x86_64-fedora-clang
Version: 1.1.1
Check: Rd cross-references
Result: NOTE
Package unavailable to check Rd xrefs: ‘RWeka’
Flavor: r-release-macos-x86_64