CRAN Package Check Results for Package fad

Last updated on 2024-02-28 12:54:56 CET.

Flavor Version Tinstall Tcheck Ttotal Status Flags
r-devel-linux-x86_64-debian-clang 0.9-1 68.70 87.85 156.55 OK
r-devel-linux-x86_64-debian-gcc 0.9-1 59.65 67.86 127.51 OK
r-devel-linux-x86_64-fedora-clang 0.9-1 224.43 OK
r-devel-linux-x86_64-fedora-gcc 0.9-1 235.31 OK
r-devel-windows-x86_64 0.9-1 56.00 108.00 164.00 OK
r-patched-linux-x86_64 0.9-1 70.07 90.08 160.15 OK
r-release-linux-x86_64 0.9-1 70.37 88.43 158.80 OK
r-release-macos-arm64 0.9-1 68.00 NOTE
r-release-macos-x86_64 0.9-1 192.00 NOTE
r-release-windows-x86_64 0.9-1 70.00 128.00 198.00 OK
r-oldrel-macos-arm64 0.9-1 61.00 NOTE
r-oldrel-windows-x86_64 0.9-1 67.00 122.00 189.00 OK

Check Details

Version: 0.9-1
Check: installed package size
Result: NOTE installed size is 10.8Mb sub-directories of 1Mb or more: libs 10.4Mb Flavors: r-release-macos-arm64, r-release-macos-x86_64, r-oldrel-macos-arm64