CRAN Package Check Results for Package factset.protobuf.stachextensions

Last updated on 2024-02-24 18:54:49 CET.

Flavor Version Tinstall Tcheck Ttotal Status Flags
r-devel-linux-x86_64-debian-clang 1.0.4 7.12 581.70 588.82 OK
r-devel-linux-x86_64-debian-gcc 1.0.4 5.79 413.39 419.18 OK
r-devel-linux-x86_64-fedora-clang 1.0.4 730.44 OK
r-devel-linux-x86_64-fedora-gcc 1.0.4 146.11 OK
r-devel-windows-x86_64 1.0.4 6.00 91.00 97.00 OK
r-patched-linux-x86_64 1.0.4 5.31 591.13 596.44 OK
r-release-linux-x86_64 1.0.4 6.25 584.80 591.05 OK
r-release-macos-arm64 1.0.4 46.00 OK
r-release-macos-x86_64 1.0.4 112.00 OK
r-release-windows-x86_64 1.0.4 8.00 104.00 112.00 OK
r-oldrel-macos-arm64 1.0.4 52.00 OK
r-oldrel-windows-x86_64 1.0.4 8.00 361.00 369.00 ERROR

Check Details

Version: 1.0.4
Check: tests
Result: ERROR Running 'test_constants.R' [240s] Running 'testthat.R' [71s] Running the tests in 'tests/test_constants.R' failed. Complete output: > # List of required packages > requiredPackages <- c("factset.protobuf.stach.v2") > > # Install missing packages > missingPackages <- requiredPackages %in% installed.packages()[, "Package"] > if (any(missingPackages == FALSE)) { + install.packages(requiredPackages, repos = "http://cran.us.r-project.org") + } Installing package into 'D:/temp/RtmpszTGby/RLIBS_2a5e41cbb433c' (as 'lib' is unspecified) Warning: unable to access index for repository http://cran.us.r-project.org/src/contrib: download from 'http://cran.us.r-project.org/src/contrib/PACKAGES' failed Warning message: package 'factset.protobuf.stach.v2' is not available for this version of R A version of this package for your version of R might be available elsewhere, see the ideas at https://cran.r-project.org/doc/manuals/r-patched/R-admin.html#Installing-packages > > # Load packages > # In the below statement 'invisible' is used to make the printing statements invisible > # which means the printing statements will not appear > invisible(lapply(requiredPackages, library, character.only = TRUE)) Error in FUN(X[[i]], ...) : there is no package called 'factset.protobuf.stach.v2' Calls: lapply -> FUN Execution halted Flavor: r-oldrel-windows-x86_64