CRAN Package Check Results for Package factory

Last updated on 2022-10-01 13:51:30 CEST.

Flavor Version Tinstall Tcheck Ttotal Status Flags
r-devel-linux-x86_64-debian-clang 0.1.0 2.08 34.44 36.52 NOTE
r-devel-linux-x86_64-debian-gcc 0.1.0 2.05 26.93 28.98 NOTE
r-devel-linux-x86_64-fedora-clang 0.1.0 57.87 NOTE
r-devel-linux-x86_64-fedora-gcc 0.1.0 58.93 NOTE
r-devel-windows-x86_64 0.1.0 12.00 66.00 78.00 NOTE
r-patched-linux-x86_64 0.1.0 2.27 33.90 36.17 NOTE
r-release-linux-x86_64 0.1.0 2.08 32.69 34.77 NOTE
r-release-macos-arm64 0.1.0 19.00 NOTE
r-release-macos-x86_64 0.1.0 26.00 NOTE
r-release-windows-x86_64 0.1.0 6.00 63.00 69.00 NOTE
r-oldrel-macos-arm64 0.1.0 23.00 NOTE
r-oldrel-macos-x86_64 0.1.0 29.00 NOTE
r-oldrel-windows-ix86+x86_64 0.1.0 7.00 62.00 69.00 NOTE

Check Details

Version: 0.1.0
Check: LazyData
Result: NOTE
     'LazyData' is specified without a 'data' directory
Flavors: r-devel-linux-x86_64-debian-clang, r-devel-linux-x86_64-debian-gcc, r-devel-linux-x86_64-fedora-clang, r-devel-linux-x86_64-fedora-gcc, r-devel-windows-x86_64, r-patched-linux-x86_64, r-release-linux-x86_64, r-release-macos-arm64, r-release-macos-x86_64, r-release-windows-x86_64, r-oldrel-macos-arm64, r-oldrel-macos-x86_64, r-oldrel-windows-ix86+x86_64