CRAN Package Check Results for Package factorstochvol

Last updated on 2021-11-26 19:52:49 CET.

Flavor Version Tinstall Tcheck Ttotal Status Flags
r-devel-linux-x86_64-debian-clang 0.10.2 103.91 100.75 204.66 OK
r-devel-linux-x86_64-debian-gcc 0.10.2 79.72 75.10 154.82 OK
r-devel-linux-x86_64-fedora-clang 0.10.2 296.99 NOTE
r-devel-linux-x86_64-fedora-gcc 0.10.2 270.33 OK
r-devel-windows-x86_64-new-UL 0.10.2 131.00 198.00 329.00 OK
r-devel-windows-x86_64-new-TK 0.10.2 OK
r-devel-windows-x86_64-old 0.10.2 100.00 127.00 227.00 OK
r-patched-linux-x86_64 0.10.2 89.87 97.26 187.13 OK
r-patched-solaris-x86 0.10.2 615.40 OK
r-release-linux-x86_64 0.10.2 OK
r-release-macos-arm64 0.10.2 NOTE
r-release-macos-x86_64 0.10.2 NOTE
r-release-windows-ix86+x86_64 0.10.2 241.00 125.00 366.00 NOTE
r-oldrel-macos-x86_64 0.10.2 NOTE
r-oldrel-windows-ix86+x86_64 0.10.2 190.00 165.00 355.00 NOTE

Additional issues

donttest noLD

Check Details

Version: 0.10.2
Check: installed package size
Result: NOTE
     installed size is 7.1Mb
     sub-directories of 1Mb or more:
     doc 2.5Mb
     libs 4.3Mb
Flavors: r-devel-linux-x86_64-fedora-clang, r-release-macos-arm64, r-release-macos-x86_64, r-release-windows-ix86+x86_64, r-oldrel-macos-x86_64, r-oldrel-windows-ix86+x86_64