CRAN Package Check Results for Package facilitation

Last updated on 2021-09-28 07:48:26 CEST.

Flavor Version Tinstall Tcheck Ttotal Status Flags
r-devel-linux-x86_64-debian-clang 0.5.2 60.43 85.54 145.97 NOTE
r-devel-linux-x86_64-debian-gcc 0.5.2 34.97 62.76 97.73 NOTE
r-devel-linux-x86_64-fedora-clang 0.5.2 195.51 NOTE
r-devel-linux-x86_64-fedora-gcc 0.5.2 176.86 NOTE
r-devel-windows-x86_64 0.5.2 50.00 84.00 134.00 OK
r-devel-windows-x86_64-gcc10-UCRT 0.5.2 OK
r-patched-linux-x86_64 0.5.2 42.85 77.80 120.65 NOTE
r-patched-solaris-x86 0.5.2 214.40 NOTE
r-release-linux-x86_64 0.5.2 44.92 78.07 122.99 NOTE
r-release-macos-arm64 0.5.2 OK
r-release-macos-x86_64 0.5.2 OK
r-release-windows-ix86+x86_64 0.5.2 132.00 114.00 246.00 OK
r-oldrel-macos-x86_64 0.5.2 OK
r-oldrel-windows-ix86+x86_64 0.5.2 93.00 115.00 208.00 OK

Check Details

Version: 0.5.2
Check: for non-standard things in the check directory
Result: NOTE
    Found the following files/directories:
     'facilitationmovie.gif' 'ts.gif'
Flavors: r-devel-linux-x86_64-debian-clang, r-devel-linux-x86_64-debian-gcc, r-devel-linux-x86_64-fedora-clang, r-devel-linux-x86_64-fedora-gcc, r-patched-linux-x86_64, r-patched-solaris-x86, r-release-linux-x86_64