CRAN Package Check Results for Package fabletools

Last updated on 2022-12-07 06:53:07 CET.

Flavor Version Tinstall Tcheck Ttotal Status Flags
r-devel-linux-x86_64-debian-clang 0.3.2 17.96 242.75 260.71 OK
r-devel-linux-x86_64-debian-gcc 0.3.2 13.15 175.12 188.27 OK
r-devel-linux-x86_64-fedora-clang 0.3.2 319.49 NOTE
r-devel-linux-x86_64-fedora-gcc 0.3.2 321.34 OK
r-devel-windows-x86_64 0.3.2 110.00 276.00 386.00 OK
r-patched-linux-x86_64 0.3.2 21.40 219.25 240.65 OK
r-release-linux-x86_64 0.3.2 14.56 224.39 238.95 OK
r-release-macos-arm64 0.3.2 75.00 OK
r-release-macos-x86_64 0.3.2 149.00 OK
r-release-windows-x86_64 0.3.2 107.00 265.00 372.00 OK
r-oldrel-macos-arm64 0.3.2 382.00 OK
r-oldrel-macos-x86_64 0.3.2 95.00 OK
r-oldrel-windows-ix86+x86_64 0.3.2 33.00 251.00 284.00 OK

Check Details

Version: 0.3.2
Check: Rd cross-references
Result: NOTE
    Undeclared package ‘future’ in Rd xrefs
Flavor: r-devel-linux-x86_64-fedora-clang