CRAN Package Check Results for Package fUnitRoots

Last updated on 2021-10-18 13:53:56 CEST.

Flavor Version Tinstall Tcheck Ttotal Status Flags
r-devel-linux-x86_64-debian-clang 3042.79 7.27 57.39 64.66 NOTE
r-devel-linux-x86_64-debian-gcc 3042.79 5.52 44.32 49.84 NOTE
r-devel-linux-x86_64-fedora-clang 3042.79 86.14 NOTE
r-devel-linux-x86_64-fedora-gcc 3042.79 72.14 NOTE
r-devel-windows-x86_64 3042.79 13.00 75.00 88.00 NOTE
r-devel-windows-x86_64-gcc10-UCRT 3042.79 NOTE
r-patched-linux-x86_64 3042.79 6.51 56.17 62.68 NOTE
r-patched-solaris-x86 3042.79 103.20 NOTE
r-release-linux-x86_64 3042.79 7.81 55.87 63.68 NOTE
r-release-macos-arm64 3042.79 NOTE
r-release-macos-x86_64 3042.79 NOTE
r-release-windows-ix86+x86_64 3042.79 13.00 89.00 102.00 NOTE
r-oldrel-macos-x86_64 3042.79 OK
r-oldrel-windows-ix86+x86_64 3042.79 17.00 105.00 122.00 OK

Check Details

Version: 3042.79
Check: LazyData
Result: NOTE
     'LazyData' is specified without a 'data' directory
Flavors: r-devel-linux-x86_64-debian-clang, r-devel-linux-x86_64-debian-gcc, r-devel-linux-x86_64-fedora-clang, r-devel-linux-x86_64-fedora-gcc, r-devel-windows-x86_64, r-devel-windows-x86_64-gcc10-UCRT, r-patched-linux-x86_64, r-patched-solaris-x86, r-release-linux-x86_64, r-release-macos-arm64, r-release-macos-x86_64, r-release-windows-ix86+x86_64

Version: 3042.79
Check: compiled code
Result: NOTE
    File ‘fUnitRoots/libs/fUnitRoots.so’:
     Found no calls to: ‘R_registerRoutines’, ‘R_useDynamicSymbols’
    
    It is good practice to register native routines and to disable symbol
    search.
    
    See ‘Writing portable packages’ in the ‘Writing R Extensions’ manual.
Flavors: r-devel-linux-x86_64-fedora-clang, r-devel-linux-x86_64-fedora-gcc