CRAN Package Check Results for Package fTrading

Last updated on 2022-10-06 01:49:47 CEST.

Flavor Version Tinstall Tcheck Ttotal Status Flags
r-devel-linux-x86_64-debian-clang 3042.79 5.40 60.23 65.63 NOTE
r-devel-linux-x86_64-debian-gcc 3042.79 3.83 45.35 49.18 NOTE
r-devel-linux-x86_64-fedora-clang 3042.79 95.58 NOTE
r-devel-linux-x86_64-fedora-gcc 3042.79 92.73 NOTE
r-devel-windows-x86_64 3042.79 19.00 83.00 102.00 NOTE
r-patched-linux-x86_64 3042.79 7.26 56.58 63.84 NOTE
r-release-linux-x86_64 3042.79 5.91 56.45 62.36 NOTE
r-release-macos-arm64 3042.79 26.00 NOTE
r-release-macos-x86_64 3042.79 36.00 NOTE
r-release-windows-x86_64 3042.79 21.00 82.00 103.00 NOTE
r-oldrel-macos-arm64 3042.79 31.00 NOTE
r-oldrel-macos-x86_64 3042.79 50.00 NOTE
r-oldrel-windows-ix86+x86_64 3042.79 14.00 81.00 95.00 NOTE

Check Details

Version: 3042.79
Check: LazyData
Result: NOTE
     'LazyData' is specified without a 'data' directory
Flavors: r-devel-linux-x86_64-debian-clang, r-devel-linux-x86_64-debian-gcc, r-devel-linux-x86_64-fedora-clang, r-devel-linux-x86_64-fedora-gcc, r-devel-windows-x86_64, r-patched-linux-x86_64, r-release-linux-x86_64, r-release-macos-arm64, r-release-macos-x86_64, r-release-windows-x86_64, r-oldrel-macos-arm64, r-oldrel-macos-x86_64, r-oldrel-windows-ix86+x86_64