CRAN Package Check Results for Package ezr

Last updated on 2022-10-01 13:51:30 CEST.

Flavor Version Tinstall Tcheck Ttotal Status Flags
r-devel-linux-x86_64-debian-clang 0.1.5 8.81 75.45 84.26 NOTE
r-devel-linux-x86_64-debian-gcc 0.1.5 6.97 56.18 63.15 NOTE
r-devel-linux-x86_64-fedora-clang 0.1.5 117.12 NOTE
r-devel-linux-x86_64-fedora-gcc 0.1.5 109.92 NOTE
r-devel-windows-x86_64 0.1.5 14.00 111.00 125.00 NOTE
r-patched-linux-x86_64 0.1.5 8.01 69.34 77.35 NOTE
r-release-linux-x86_64 0.1.5 8.31 69.21 77.52 NOTE
r-release-macos-arm64 0.1.5 31.00 NOTE
r-release-macos-x86_64 0.1.5 51.00 NOTE
r-release-windows-x86_64 0.1.5 12.00 95.00 107.00 NOTE
r-oldrel-macos-arm64 0.1.5 35.00 NOTE
r-oldrel-macos-x86_64 0.1.5 49.00 NOTE
r-oldrel-windows-ix86+x86_64 0.1.5 21.00 91.00 112.00 NOTE

Check Details

Version: 0.1.5
Check: LazyData
Result: NOTE
     'LazyData' is specified without a 'data' directory
Flavors: r-devel-linux-x86_64-debian-clang, r-devel-linux-x86_64-debian-gcc, r-devel-linux-x86_64-fedora-clang, r-devel-linux-x86_64-fedora-gcc, r-devel-windows-x86_64, r-patched-linux-x86_64, r-release-linux-x86_64, r-release-macos-arm64, r-release-macos-x86_64, r-release-windows-x86_64, r-oldrel-macos-arm64, r-oldrel-macos-x86_64, r-oldrel-windows-ix86+x86_64