CRAN Package Check Results for Package ezr

Last updated on 2021-06-21 19:48:46 CEST.

Flavor Version Tinstall Tcheck Ttotal Status Flags
r-devel-linux-x86_64-debian-clang 0.1.5 7.15 64.39 71.54 NOTE
r-devel-linux-x86_64-debian-gcc 0.1.5 5.87 47.28 53.15 NOTE
r-devel-linux-x86_64-fedora-clang 0.1.5 91.70 NOTE
r-devel-linux-x86_64-fedora-gcc 0.1.5 80.37 NOTE
r-devel-windows-x86_64 0.1.5 11.00 73.00 84.00 NOTE
r-devel-windows-x86_64-gcc10-UCRT 0.1.5 NOTE
r-patched-linux-x86_64 0.1.5 7.09 59.64 66.73 NOTE
r-patched-solaris-x86 0.1.5 118.90 NOTE
r-release-linux-x86_64 0.1.5 6.74 59.75 66.49 NOTE
r-release-macos-arm64 0.1.5 NOTE
r-release-macos-x86_64 0.1.5 NOTE
r-release-windows-ix86+x86_64 0.1.5 19.00 87.00 106.00 NOTE
r-oldrel-macos-x86_64 0.1.5 OK

Check Details

Version: 0.1.5
Check: LazyData
Result: NOTE
     'LazyData' is specified without a 'data' directory
Flavors: r-devel-linux-x86_64-debian-clang, r-devel-linux-x86_64-debian-gcc, r-devel-linux-x86_64-fedora-clang, r-devel-linux-x86_64-fedora-gcc, r-devel-windows-x86_64, r-devel-windows-x86_64-gcc10-UCRT, r-patched-linux-x86_64, r-patched-solaris-x86, r-release-linux-x86_64, r-release-macos-arm64, r-release-macos-x86_64, r-release-windows-ix86+x86_64