CRAN Package Check Results for Package ezknitr

Last updated on 2022-09-28 12:55:17 CEST.

Flavor Version Tinstall Tcheck Ttotal Status Flags
r-devel-linux-x86_64-debian-clang 0.6 1.95 27.53 29.48 NOTE
r-devel-linux-x86_64-debian-gcc 0.6 1.73 22.00 23.73 NOTE
r-devel-linux-x86_64-fedora-clang 0.6 49.74 NOTE
r-devel-linux-x86_64-fedora-gcc 0.6 50.95 NOTE
r-devel-windows-x86_64 0.6 11.00 69.00 80.00 NOTE
r-patched-linux-x86_64 0.6 2.34 27.01 29.35 NOTE
r-release-linux-x86_64 0.6 1.90 27.16 29.06 NOTE
r-release-macos-arm64 0.6 23.00 NOTE
r-release-macos-x86_64 0.6 30.00 NOTE
r-release-windows-x86_64 0.6 10.00 62.00 72.00 NOTE
r-oldrel-macos-arm64 0.6 22.00 NOTE
r-oldrel-macos-x86_64 0.6 30.00 NOTE
r-oldrel-windows-ix86+x86_64 0.6 5.00 53.00 58.00 NOTE

Check Details

Version: 0.6
Check: LazyData
Result: NOTE
     'LazyData' is specified without a 'data' directory
Flavors: r-devel-linux-x86_64-debian-clang, r-devel-linux-x86_64-debian-gcc, r-devel-linux-x86_64-fedora-clang, r-devel-linux-x86_64-fedora-gcc, r-devel-windows-x86_64, r-patched-linux-x86_64, r-release-linux-x86_64, r-release-macos-arm64, r-release-macos-x86_64, r-release-windows-x86_64, r-oldrel-macos-arm64, r-oldrel-macos-x86_64, r-oldrel-windows-ix86+x86_64