CRAN Package Check Results for Package eyetrackingR

Last updated on 2022-10-05 06:51:21 CEST.

Flavor Version Tinstall Tcheck Ttotal Status Flags
r-devel-linux-x86_64-debian-clang 0.2.0 10.93 596.90 607.83 NOTE
r-devel-linux-x86_64-debian-gcc 0.2.0 7.69 426.31 434.00 NOTE
r-devel-linux-x86_64-fedora-clang 0.2.0 701.93 NOTE
r-devel-linux-x86_64-fedora-gcc 0.2.0 737.98 NOTE
r-devel-windows-x86_64 0.2.0 94.00 579.00 673.00 NOTE
r-patched-linux-x86_64 0.2.0 8.50 554.01 562.51 OK
r-release-linux-x86_64 0.2.0 6.85 553.73 560.58 OK
r-release-macos-arm64 0.2.0 156.00 NOTE
r-release-macos-x86_64 0.2.0 318.00 NOTE
r-release-windows-x86_64 0.2.0 16.00 593.00 609.00 NOTE
r-oldrel-macos-arm64 0.2.0 168.00 NOTE
r-oldrel-macos-x86_64 0.2.0 202.00 NOTE
r-oldrel-windows-ix86+x86_64 0.2.0 22.00 650.00 672.00 NOTE

Check Details

Version: 0.2.0
Check: package subdirectories
Result: NOTE
    Problems with news in 'NEWS.md':
    No news entries found.
Flavors: r-devel-linux-x86_64-debian-clang, r-devel-linux-x86_64-debian-gcc, r-devel-linux-x86_64-fedora-clang, r-devel-linux-x86_64-fedora-gcc, r-devel-windows-x86_64

Version: 0.2.0
Check: dependencies in R code
Result: NOTE
    Namespace in Imports field not imported from: ‘rlang’
     All declared Imports should be used.
Flavors: r-devel-linux-x86_64-fedora-clang, r-devel-linux-x86_64-fedora-gcc, r-release-macos-arm64, r-release-macos-x86_64, r-oldrel-macos-arm64, r-oldrel-macos-x86_64

Version: 0.2.0
Check: package dependencies
Result: NOTE
    Package suggested but not available for checking: 'doMC'
Flavors: r-devel-windows-x86_64, r-release-windows-x86_64, r-oldrel-windows-ix86+x86_64