Last updated on 2022-06-26 12:54:46 CEST.
Flavor | Version | Tinstall | Tcheck | Ttotal | Status | Flags |
---|---|---|---|---|---|---|
r-devel-linux-x86_64-debian-clang | 0.2.1 | 2.27 | 24.72 | 26.99 | OK | |
r-devel-linux-x86_64-debian-gcc | 0.2.1 | 1.41 | 19.27 | 20.68 | OK | |
r-devel-linux-x86_64-fedora-clang | 0.2.1 | 45.15 | NOTE | |||
r-devel-linux-x86_64-fedora-gcc | 0.2.1 | 42.53 | NOTE | |||
r-devel-windows-x86_64 | 0.2.1 | 20.00 | 49.00 | 69.00 | OK | |
r-patched-linux-x86_64 | 0.2.1 | 1.85 | 23.73 | 25.58 | OK | |
r-release-linux-x86_64 | 0.2.1 | 2.15 | 24.41 | 26.56 | OK | |
r-release-macos-arm64 | 0.2.1 | 18.00 | NOTE | |||
r-release-macos-x86_64 | 0.2.1 | 21.00 | NOTE | |||
r-release-windows-x86_64 | 0.2.1 | 20.00 | 49.00 | 69.00 | OK | |
r-oldrel-macos-arm64 | 0.2.1 | 22.00 | NOTE | |||
r-oldrel-macos-x86_64 | 0.2.1 | 21.00 | NOTE | |||
r-oldrel-windows-ix86+x86_64 | 0.2.1 | 5.00 | 39.00 | 44.00 | OK |
Version: 0.2.1
Check: dependencies in R code
Result: NOTE
Namespace in Imports field not imported from: ‘numDeriv’
All declared Imports should be used.
Flavors: r-devel-linux-x86_64-fedora-clang, r-devel-linux-x86_64-fedora-gcc, r-release-macos-arm64, r-release-macos-x86_64, r-oldrel-macos-arm64, r-oldrel-macos-x86_64