Last updated on 2023-01-29 12:55:27 CET.
Flavor | Version | Tinstall | Tcheck | Ttotal | Status | Flags |
---|---|---|---|---|---|---|
r-devel-linux-x86_64-debian-clang | 2.5.4 | 25.97 | 122.85 | 148.82 | NOTE | |
r-devel-linux-x86_64-debian-gcc | 2.5.5 | 21.37 | 93.35 | 114.72 | NOTE | |
r-devel-linux-x86_64-fedora-clang | 2.5.5 | 184.39 | OK | |||
r-devel-linux-x86_64-fedora-gcc | 2.5.5 | 177.34 | OK | |||
r-devel-windows-x86_64 | 2.5.5 | 82.00 | 170.00 | 252.00 | NOTE | |
r-patched-linux-x86_64 | 2.5.5 | 23.29 | 112.95 | 136.24 | NOTE | |
r-release-linux-x86_64 | 2.5.5 | 20.44 | 116.10 | 136.54 | NOTE | |
r-release-macos-arm64 | 2.5.5 | 53.00 | NOTE | |||
r-release-macos-x86_64 | 2.5.5 | 72.00 | NOTE | |||
r-release-windows-x86_64 | 2.5.5 | 66.00 | 156.00 | 222.00 | NOTE | |
r-oldrel-macos-arm64 | 2.5.5 | 52.00 | NOTE | |||
r-oldrel-macos-x86_64 | 2.5.5 | 75.00 | NOTE | |||
r-oldrel-windows-ix86+x86_64 | 2.5.5 | 56.00 | 181.00 | 237.00 | OK |
Version: 2.5.4
Check: package dependencies
Result: NOTE
Package suggested but not available for checking: ‘INLA’
Flavor: r-devel-linux-x86_64-debian-clang
Version: 2.5.5
Check: package dependencies
Result: NOTE
Package suggested but not available for checking: ‘INLA’
Flavors: r-devel-linux-x86_64-debian-gcc, r-devel-windows-x86_64, r-patched-linux-x86_64, r-release-linux-x86_64, r-release-macos-arm64, r-release-macos-x86_64, r-release-windows-x86_64, r-oldrel-macos-arm64, r-oldrel-macos-x86_64