CRAN Package Check Results for Package evmix

Last updated on 2022-09-26 06:51:11 CEST.

Flavor Version Tinstall Tcheck Ttotal Status Flags
r-devel-linux-x86_64-debian-clang 2.12 30.71 205.83 236.54 OK
r-devel-linux-x86_64-debian-gcc 2.12 27.28 149.46 176.74 OK
r-devel-linux-x86_64-fedora-clang 2.12 296.19 NOTE
r-devel-linux-x86_64-fedora-gcc 2.12 310.53 OK
r-devel-windows-x86_64 2.12 70.00 232.00 302.00 OK
r-patched-linux-x86_64 2.12 36.45 184.86 221.31 OK
r-release-linux-x86_64 2.12 32.14 183.79 215.93 OK
r-release-macos-arm64 2.12 50.00 NOTE
r-release-macos-x86_64 2.12 82.00 OK
r-release-windows-x86_64 2.12 90.00 202.00 292.00 OK
r-oldrel-macos-arm64 2.12 64.00 NOTE
r-oldrel-macos-x86_64 2.12 132.00 OK
r-oldrel-windows-ix86+x86_64 2.12 49.00 192.00 241.00 OK

Check Details

Version: 2.12
Check: Rd cross-references
Result: NOTE
    Undeclared packages ‘ks’, ‘evd’, ‘ismev’, ‘mixtools’, ‘evir’, ‘smoothtail’ in Rd xrefs
Flavor: r-devel-linux-x86_64-fedora-clang

Version: 2.12
Check: installed package size
Result: NOTE
     installed size is 5.9Mb
     sub-directories of 1Mb or more:
     R 2.0Mb
     doc 2.9Mb
Flavors: r-release-macos-arm64, r-oldrel-macos-arm64