CRAN Package Check Results for Package event

Last updated on 2024-02-25 01:01:03 CET.

Flavor Version Tinstall Tcheck Ttotal Status Flags
r-devel-linux-x86_64-debian-clang 1.1.1 7.07 44.80 51.87 NOTE
r-devel-linux-x86_64-debian-gcc 1.1.1 6.20 34.60 40.80 NOTE
r-devel-linux-x86_64-fedora-clang 1.1.1 65.15 NOTE
r-devel-linux-x86_64-fedora-gcc 1.1.1 66.73 NOTE
r-devel-windows-x86_64 1.1.1 9.00 69.00 78.00 NOTE
r-patched-linux-x86_64 1.1.1 8.49 45.49 53.98 NOTE
r-release-linux-x86_64 1.1.1 6.75 44.90 51.65 NOTE
r-release-macos-arm64 1.1.1 23.00 NOTE
r-release-macos-x86_64 1.1.1 37.00 NOTE
r-release-windows-x86_64 1.1.1 11.00 73.00 84.00 NOTE
r-oldrel-macos-arm64 1.1.1 24.00 NOTE
r-oldrel-windows-x86_64 1.1.1 25.00 87.00 112.00 NOTE

Check Details

Version: 1.1.1
Check: package subdirectories
Result: NOTE Problems with news in ‘NEWS.md’: No news entries found. Flavors: r-devel-linux-x86_64-debian-clang, r-devel-linux-x86_64-debian-gcc, r-devel-linux-x86_64-fedora-clang, r-devel-linux-x86_64-fedora-gcc, r-devel-windows-x86_64, r-patched-linux-x86_64, r-release-linux-x86_64, r-release-macos-arm64, r-release-macos-x86_64, r-release-windows-x86_64

Version: 1.1.1
Check: LazyData
Result: NOTE 'LazyData' is specified without a 'data' directory Flavors: r-devel-linux-x86_64-debian-clang, r-devel-linux-x86_64-debian-gcc, r-devel-linux-x86_64-fedora-clang, r-devel-linux-x86_64-fedora-gcc, r-devel-windows-x86_64, r-patched-linux-x86_64, r-release-linux-x86_64, r-release-macos-arm64, r-release-macos-x86_64, r-release-windows-x86_64, r-oldrel-macos-arm64, r-oldrel-windows-x86_64