Last updated on 2023-10-03 13:07:31 CEST.
Flavor | Version | Tinstall | Tcheck | Ttotal | Status | Flags |
---|---|---|---|---|---|---|
r-devel-linux-x86_64-debian-clang | 1.0.0 | 18.91 | 407.01 | 425.92 | OK | |
r-devel-linux-x86_64-debian-gcc | 1.0.0 | 14.89 | 327.37 | 342.26 | OK | |
r-devel-linux-x86_64-fedora-clang | 1.0.0 | 516.28 | NOTE | |||
r-devel-linux-x86_64-fedora-gcc | 1.0.0 | 487.38 | NOTE | |||
r-devel-windows-x86_64 | 1.0.0 | 15.00 | 265.00 | 280.00 | OK | |
r-patched-linux-x86_64 | 1.0.0 | 10.85 | 391.23 | 402.08 | OK | |
r-release-linux-x86_64 | 1.0.0 | 11.71 | 400.75 | 412.46 | OK | |
r-release-macos-arm64 | 1.0.0 | 172.00 | OK | |||
r-release-macos-x86_64 | 1.0.0 | 351.00 | OK | |||
r-release-windows-x86_64 | 1.0.0 | 21.00 | 324.00 | 345.00 | OK | |
r-oldrel-macos-arm64 | 1.0.0 | 149.00 | OK | |||
r-oldrel-macos-x86_64 | 1.0.0 | 188.00 | OK | |||
r-oldrel-windows-x86_64 | 1.0.0 | 21.00 | 332.00 | 353.00 | OK |
Version: 1.0.0
Check: dependencies in R code
Result: NOTE
Namespaces in Imports field not imported from:
‘forcats’ ‘rqPen’ ‘utils’
All declared Imports should be used.
Flavors: r-devel-linux-x86_64-fedora-clang, r-devel-linux-x86_64-fedora-gcc