CRAN Package Check Results for Package eva

Last updated on 2021-09-18 13:53:35 CEST.

Flavor Version Tinstall Tcheck Ttotal Status Flags
r-devel-linux-x86_64-debian-clang 0.2.6 14.29 106.99 121.28 OK
r-devel-linux-x86_64-debian-gcc 0.2.6 9.61 80.56 90.17 OK
r-devel-linux-x86_64-fedora-clang 0.2.6 149.57 NOTE
r-devel-linux-x86_64-fedora-gcc 0.2.6 137.84 NOTE
r-devel-windows-x86_64 0.2.6 14.00 132.00 146.00 OK
r-devel-windows-x86_64-gcc10-UCRT 0.2.6 NOTE
r-patched-linux-x86_64 0.2.6 10.99 101.66 112.65 OK
r-patched-solaris-x86 0.2.6 190.90 NOTE
r-release-linux-x86_64 0.2.6 10.84 101.44 112.28 OK
r-release-macos-arm64 0.2.6 NOTE
r-release-macos-x86_64 0.2.6 NOTE
r-release-windows-ix86+x86_64 0.2.6 26.00 94.00 120.00 OK
r-oldrel-macos-x86_64 0.2.6 NOTE
r-oldrel-windows-ix86+x86_64 0.2.6 24.00 139.00 163.00 OK

Check Details

Version: 0.2.6
Check: dependencies in R code
Result: NOTE
    Namespace in Imports field not imported from: ‘EnvStats’
     All declared Imports should be used.
Flavors: r-devel-linux-x86_64-fedora-clang, r-devel-linux-x86_64-fedora-gcc, r-devel-windows-x86_64-gcc10-UCRT, r-patched-solaris-x86, r-release-macos-arm64, r-release-macos-x86_64, r-oldrel-macos-x86_64