CRAN Package Check Results for Package etrunct

Last updated on 2021-10-21 07:49:53 CEST.

Flavor Version Tinstall Tcheck Ttotal Status Flags
r-devel-linux-x86_64-debian-clang 0.1 1.82 20.69 22.51 NOTE
r-devel-linux-x86_64-debian-gcc 0.1 1.40 16.25 17.65 NOTE
r-devel-linux-x86_64-fedora-clang 0.1 37.97 NOTE
r-devel-linux-x86_64-fedora-gcc 0.1 26.79 NOTE
r-devel-windows-x86_64 0.1 3.00 39.00 42.00 NOTE
r-devel-windows-x86_64-gcc10-UCRT 0.1 NOTE
r-patched-linux-x86_64 0.1 1.65 19.50 21.15 NOTE
r-patched-solaris-x86 0.1 43.30 NOTE
r-release-linux-x86_64 0.1 1.55 19.77 21.32 NOTE
r-release-macos-arm64 0.1 NOTE
r-release-macos-x86_64 0.1 NOTE
r-release-windows-ix86+x86_64 0.1 3.00 36.00 39.00 NOTE
r-oldrel-macos-x86_64 0.1 OK
r-oldrel-windows-ix86+x86_64 0.1 4.00 36.00 40.00 OK

Check Details

Version: 0.1
Check: LazyData
Result: NOTE
     'LazyData' is specified without a 'data' directory
Flavors: r-devel-linux-x86_64-debian-clang, r-devel-linux-x86_64-debian-gcc, r-devel-linux-x86_64-fedora-clang, r-devel-linux-x86_64-fedora-gcc, r-devel-windows-x86_64, r-devel-windows-x86_64-gcc10-UCRT, r-patched-linux-x86_64, r-patched-solaris-x86, r-release-linux-x86_64, r-release-macos-arm64, r-release-macos-x86_64, r-release-windows-ix86+x86_64