CRAN Package Check Results for Package ether

Last updated on 2021-08-01 07:51:44 CEST.

Flavor Version Tinstall Tcheck Ttotal Status Flags
r-devel-linux-x86_64-debian-clang 0.1.6 6.55 62.97 69.52 NOTE
r-devel-linux-x86_64-debian-gcc 0.1.6 5.46 47.83 53.29 NOTE
r-devel-linux-x86_64-fedora-clang 0.1.6 91.39 NOTE
r-devel-linux-x86_64-fedora-gcc 0.1.6 78.07 NOTE
r-devel-windows-x86_64 0.1.6 7.00 84.00 91.00 NOTE
r-devel-windows-x86_64-gcc10-UCRT 0.1.6 NOTE
r-patched-linux-x86_64 0.1.6 NOTE
r-patched-solaris-x86 0.1.6 108.90 NOTE
r-release-linux-x86_64 0.1.6 5.63 58.10 63.73 NOTE
r-release-macos-arm64 0.1.6 NOTE
r-release-macos-x86_64 0.1.6 NOTE
r-release-windows-ix86+x86_64 0.1.6 16.00 60.00 76.00 NOTE
r-oldrel-macos-x86_64 0.1.6 OK
r-oldrel-windows-ix86+x86_64 0.1.6 11.00 87.00 98.00 OK

Check Details

Version: 0.1.6
Check: LazyData
Result: NOTE
     'LazyData' is specified without a 'data' directory
Flavors: r-devel-linux-x86_64-debian-clang, r-devel-linux-x86_64-debian-gcc, r-devel-linux-x86_64-fedora-clang, r-devel-linux-x86_64-fedora-gcc, r-devel-windows-x86_64, r-devel-windows-x86_64-gcc10-UCRT, r-patched-linux-x86_64, r-patched-solaris-x86, r-release-linux-x86_64, r-release-macos-arm64, r-release-macos-x86_64, r-release-windows-ix86+x86_64