CRAN Package Check Results for Package estmeansd

Last updated on 2021-10-18 13:53:55 CEST.

Flavor Version Tinstall Tcheck Ttotal Status Flags
r-devel-linux-x86_64-debian-clang 0.2.1 3.30 27.71 31.01 NOTE
r-devel-linux-x86_64-debian-gcc 0.2.1 2.11 21.99 24.10 NOTE
r-devel-linux-x86_64-fedora-clang 0.2.1 48.13 NOTE
r-devel-linux-x86_64-fedora-gcc 0.2.1 36.83 NOTE
r-devel-windows-x86_64 0.2.1 5.00 45.00 50.00 NOTE
r-devel-windows-x86_64-gcc10-UCRT 0.2.1 NOTE
r-patched-linux-x86_64 0.2.1 3.06 27.25 30.31 NOTE
r-patched-solaris-x86 0.2.1 54.60 NOTE
r-release-linux-x86_64 0.2.1 2.87 27.16 30.03 NOTE
r-release-macos-arm64 0.2.1 NOTE
r-release-macos-x86_64 0.2.1 NOTE
r-release-windows-ix86+x86_64 0.2.1 5.00 46.00 51.00 NOTE
r-oldrel-macos-x86_64 0.2.1 OK
r-oldrel-windows-ix86+x86_64 0.2.1 7.00 44.00 51.00 OK

Check Details

Version: 0.2.1
Check: LazyData
Result: NOTE
     'LazyData' is specified without a 'data' directory
Flavors: r-devel-linux-x86_64-debian-clang, r-devel-linux-x86_64-debian-gcc, r-devel-linux-x86_64-fedora-clang, r-devel-linux-x86_64-fedora-gcc, r-devel-windows-x86_64, r-devel-windows-x86_64-gcc10-UCRT, r-patched-linux-x86_64, r-patched-solaris-x86, r-release-linux-x86_64, r-release-macos-arm64, r-release-macos-x86_64, r-release-windows-ix86+x86_64